


{"id":68,"date":"2021-06-21T09:49:08","date_gmt":"2021-06-21T07:49:08","guid":{"rendered":"http:\/\/localhost\/jumelage\/?page_id=68"},"modified":"2021-08-30T15:04:57","modified_gmt":"2021-08-30T13:04:57","slug":"italie","status":"publish","type":"page","link":"https:\/\/www.jumelagecharenton.fr\/index.php\/italie\/","title":{"rendered":"Italie"},"content":{"rendered":"\n<div style=\"height:64px\" aria-hidden=\"true\" class=\"wp-block-spacer eplus-KmFalp\"><\/div>\n\n\n\n<div class=\"wp-block-media-text alignwide is-stacked-on-mobile allimg eplus-9wVxQL\" style=\"grid-template-columns:15% auto\"><figure class=\"wp-block-media-text__media\"><img loading=\"lazy\" width=\"382\" height=\"500\" src=\"http:\/\/www.jumelagecharenton.fr\/wp-content\/uploads\/stemmaBorgoValdiTaro.gif\" alt=\"\" class=\"wp-image-401 size-full\" \/><\/figure><div class=\"wp-block-media-text__content\">\n<h1 class=\"title-nomarg eplus-kLwBsT\">Borgo Val di Taro<\/h1>\n\n\n\n<p class=\"infos-par eplus-B3LIZO\">( ou Borgotaro &#8211; 7 000 habitants )<\/p>\n\n\n\n<p class=\"eplus-wKSF45\">Ville d&rsquo;Emilie-Romagne, situ\u00e9e au c\u0153ur des Apennins entre Parme et la mer, Borgo Val di Taro nous offre des sp\u00e9cialit\u00e9s gastronomiques savoureuses avec le Parmesan notamment, mais aussi le c\u00e8pe (s\u00e9ch\u00e9, en conserves&#8230;) qui b\u00e9n\u00e9ficie d&rsquo;une IGP ( indication g\u00e9ographique prot\u00e9g\u00e9e).<br>Son patrimoine culturel est digne d&rsquo;int\u00e9r\u00eat et son environnement permet de belles promenades offrant de beaux panoramas.<\/p>\n\n\n\n<p class=\"eplus-6vtnMb\">L&rsquo;arrondissement de Borgo Val di Taro est une ancienne subdivision administrative fran\u00e7aise du d\u00e9partement du Taro cr\u00e9\u00e9e le 24 mai 1808 dans le cadre de la nouvelle organisation administrative mise en place par Napol\u00e9on 1er en Italie et supprim\u00e9e le 11 avril 1814, apr\u00e8s la chute de l&rsquo;Empire.<\/p>\n\n\n\n<p class=\"eplus-PexxnE\">site : <a href=\"http:\/\/www.comune.borgo-val-di-taro.pr.it\/\">www.comune.borgo-val-di-taro.pr.it<\/a><\/p>\n<\/div><\/div>\n\n\n\n<div style=\"height:84px\" aria-hidden=\"true\" class=\"wp-block-spacer eplus-gfWg1h\"><\/div>\n\n\n\n<div class=\"wp-block-columns eplus-1o1ZfJ\">\n<div class=\"wp-block-column eplus-tUekqw\">\n<div class=\"wp-block-image eplus-CIEad8\"><figure class=\"alignright size-large is-resized\"><img loading=\"lazy\" src=\"http:\/\/www.jumelagecharenton.fr\/wp-content\/uploads\/Borgotaro_vue_du_pont_de_San_Rocco-1024x768.jpg\" alt=\"\" class=\"wp-image-380\" width=\"383\" height=\"287\" srcset=\"https:\/\/www.jumelagecharenton.fr\/wp-content\/uploads\/Borgotaro_vue_du_pont_de_San_Rocco-1024x768.jpg 1024w, https:\/\/www.jumelagecharenton.fr\/wp-content\/uploads\/Borgotaro_vue_du_pont_de_San_Rocco-300x225.jpg 300w, https:\/\/www.jumelagecharenton.fr\/wp-content\/uploads\/Borgotaro_vue_du_pont_de_San_Rocco-768x576.jpg 768w, https:\/\/www.jumelagecharenton.fr\/wp-content\/uploads\/Borgotaro_vue_du_pont_de_San_Rocco-100x75.jpg 100w, https:\/\/www.jumelagecharenton.fr\/wp-content\/uploads\/Borgotaro_vue_du_pont_de_San_Rocco-150x113.jpg 150w, https:\/\/www.jumelagecharenton.fr\/wp-content\/uploads\/Borgotaro_vue_du_pont_de_San_Rocco-200x150.jpg 200w, https:\/\/www.jumelagecharenton.fr\/wp-content\/uploads\/Borgotaro_vue_du_pont_de_San_Rocco-450x338.jpg 450w, https:\/\/www.jumelagecharenton.fr\/wp-content\/uploads\/Borgotaro_vue_du_pont_de_San_Rocco-600x450.jpg 600w, https:\/\/www.jumelagecharenton.fr\/wp-content\/uploads\/Borgotaro_vue_du_pont_de_San_Rocco-900x675.jpg 900w, https:\/\/www.jumelagecharenton.fr\/wp-content\/uploads\/Borgotaro_vue_du_pont_de_San_Rocco.jpg 1280w\" sizes=\"(max-width: 383px) 100vw, 383px\" \/><\/figure><\/div>\n<\/div>\n\n\n\n<div class=\"wp-block-column eplus-WhCGQu\">\n<div class=\"wp-block-image eplus-hLYpDO\"><figure class=\"alignleft size-large is-resized\"><img loading=\"lazy\" src=\"http:\/\/www.jumelagecharenton.fr\/wp-content\/uploads\/borgomap.png\" alt=\"\" class=\"wp-image-379\" width=\"220\" height=\"285\" srcset=\"https:\/\/www.jumelagecharenton.fr\/wp-content\/uploads\/borgomap.png 539w, https:\/\/www.jumelagecharenton.fr\/wp-content\/uploads\/borgomap-231x300.png 231w, https:\/\/www.jumelagecharenton.fr\/wp-content\/uploads\/borgomap-100x130.png 100w, https:\/\/www.jumelagecharenton.fr\/wp-content\/uploads\/borgomap-150x195.png 150w, https:\/\/www.jumelagecharenton.fr\/wp-content\/uploads\/borgomap-200x260.png 200w, https:\/\/www.jumelagecharenton.fr\/wp-content\/uploads\/borgomap-300x390.png 300w, https:\/\/www.jumelagecharenton.fr\/wp-content\/uploads\/borgomap-450x584.png 450w\" sizes=\"(max-width: 220px) 100vw, 220px\" \/><\/figure><\/div>\n<\/div>\n<\/div>\n","protected":false},"excerpt":{"rendered":"<p>Borgo Val di Taro ( ou Borgotaro &#8211; 7 000 habitants ) Ville d&rsquo;Emilie-Romagne, situ\u00e9e au c\u0153ur des Apennins entre Parme et la mer, Borgo Val di Taro nous offre des sp\u00e9cialit\u00e9s gastronomiques savoureuses avec le Parmesan notamment, mais aussi &hellip;<\/p>\n<p class=\"read-more\"> <a class=\"more-link\" href=\"https:\/\/www.jumelagecharenton.fr\/index.php\/italie\/\"> <span class=\"screen-reader-text\">Italie<\/span> Read More &raquo;<\/a><\/p>\n","protected":false},"author":1,"featured_media":0,"parent":0,"menu_order":0,"comment_status":"closed","ping_status":"closed","template":"full-width-page.php","meta":{"editor_plus_custom_animation_option_css":"{}","_editorskit_title_hidden":true,"_editorskit_reading_time":1,"_editorskit_typography_data":[],"_editorskit_blocks_typography":"","editor_plus_custom_css":"{\"761fe8ef-03fd-4bd5-a800-66e01bb9b598\":\".eplus-KmFalp { \\n\\n}\",\"8e1c279a-99ce-481f-80b7-55b509da18fb\":\".title-nomarg.eplus-kLwBsT { \\n\\n}\",\"3c599cdd-f98e-4216-87bd-94a4f3cc5de9\":\".infos-par.eplus-B3LIZO { \\n\\n}\",\"426b0201-9378-4467-94c1-2a75b2e64499\":\".eplus-6vtnMb { \\n\\n}\",\"9ce14784-5079-43b7-a77c-d87cb21796b9\":\".eplus-PexxnE { \\n\\n}\",\"87e5a5bd-bc59-4ab5-b641-4789090e0c1f\":\".allimg.eplus-9wVxQL { \\n\\n}\",\"e5fa6a4e-1ba6-4786-ba84-4206a4604ea0\":\".eplus-gfWg1h { \\n\\n}\",\"b40fa8ce-b6b1-4a1c-a3c5-4c5d56546a9d\":\".eplus-CIEad8 { \\n\\n}\",\"fc490e73-30e5-4d0d-9acc-fc7065b26a21\":\".eplus-tUekqw { \\n\\n}\",\"64d7ff95-6007-40fb-923a-91ce9c36eef3\":\".eplus-hLYpDO { \\n\\n}\",\"b40580f1-2379-49a3-b4e8-16ae5a5da74b\":\".eplus-WhCGQu { \\n\\n}\",\"2adb92fa-0f67-4acb-bb13-81efae9e61bb\":\".eplus-1o1ZfJ { \\n\\n}\",\"b14f7742-77a9-4ca2-9e8a-858f2f5c07c4\":\".eplus-wKSF45 { \\n\\n}\"}","editor_plus_custom_css_file_version":"latest-575","editor_plus_custom_styling_options_file_version":"latest-3542","editor_plus_custom_styling_options_css":"{\"761fe8ef-03fd-4bd5-a800-66e01bb9b598\":\"\",\"8e1c279a-99ce-481f-80b7-55b509da18fb\":\"\",\"3c599cdd-f98e-4216-87bd-94a4f3cc5de9\":\"\",\"426b0201-9378-4467-94c1-2a75b2e64499\":\"\",\"9ce14784-5079-43b7-a77c-d87cb21796b9\":\"\",\"87e5a5bd-bc59-4ab5-b641-4789090e0c1f\":\"\",\"e5fa6a4e-1ba6-4786-ba84-4206a4604ea0\":\"\",\"b40fa8ce-b6b1-4a1c-a3c5-4c5d56546a9d\":\"\",\"fc490e73-30e5-4d0d-9acc-fc7065b26a21\":\"\",\"64d7ff95-6007-40fb-923a-91ce9c36eef3\":\"\",\"b40580f1-2379-49a3-b4e8-16ae5a5da74b\":\"\",\"2adb92fa-0f67-4acb-bb13-81efae9e61bb\":\"\",\"b14f7742-77a9-4ca2-9e8a-858f2f5c07c4\":\"\"}","editor_plus_copied_stylings":"{}","editor_plus_extended_blocks_css":"{}","editor_plus_post_options":"{}","ngg_post_thumbnail":0},"_links":{"self":[{"href":"https:\/\/www.jumelagecharenton.fr\/index.php\/wp-json\/wp\/v2\/pages\/68"}],"collection":[{"href":"https:\/\/www.jumelagecharenton.fr\/index.php\/wp-json\/wp\/v2\/pages"}],"about":[{"href":"https:\/\/www.jumelagecharenton.fr\/index.php\/wp-json\/wp\/v2\/types\/page"}],"author":[{"embeddable":true,"href":"https:\/\/www.jumelagecharenton.fr\/index.php\/wp-json\/wp\/v2\/users\/1"}],"replies":[{"embeddable":true,"href":"https:\/\/www.jumelagecharenton.fr\/index.php\/wp-json\/wp\/v2\/comments?post=68"}],"version-history":[{"count":5,"href":"https:\/\/www.jumelagecharenton.fr\/index.php\/wp-json\/wp\/v2\/pages\/68\/revisions"}],"predecessor-version":[{"id":1077,"href":"https:\/\/www.jumelagecharenton.fr\/index.php\/wp-json\/wp\/v2\/pages\/68\/revisions\/1077"}],"wp:attachment":[{"href":"https:\/\/www.jumelagecharenton.fr\/index.php\/wp-json\/wp\/v2\/media?parent=68"}],"curies":[{"name":"wp","href":"https:\/\/api.w.org\/{rel}","templated":true}]}}