


{"id":226,"date":"2021-06-22T15:00:37","date_gmt":"2021-06-22T13:00:37","guid":{"rendered":"http:\/\/localhost\/jumelage\/?page_id=226"},"modified":"2021-09-04T19:34:08","modified_gmt":"2021-09-04T17:34:08","slug":"contact","status":"publish","type":"page","link":"https:\/\/www.jumelagecharenton.fr\/index.php\/allemagne\/contact\/","title":{"rendered":"Contacts"},"content":{"rendered":"\n<p class=\"has-text-align-center eplus-p2wFT4\">Renseignements sur les activit\u00e9s de la section Allemagne tout au long de l&rsquo;ann\u00e9e ( cours, conf\u00e9rences, r\u00e9unions \u2026) :<\/p>\n\n\n\n<div class=\"wp-block-group eplus-i3PmFK contactgrp\"><div class=\"wp-block-group__inner-container\"><div class=\"infobox\"><h2>Pr\u00e9sident<\/h2><span class=\"contactname\">Patrice Lombart<\/span><div class=\"infos\"><span class=\"material-icons\">call<\/span><span>06 07 94 17 55<\/span><\/div>\n\t\t<div class=\"infos\"><span class=\"material-icons\">email<\/span><span>patrice.lombart@orange.fr<\/span><\/div>\n\t\t<div class=\"btnright\"><a href=\"mailto:patrice.lombart@orange.fr\"><button>Contacter<\/button><\/a><\/div>\n\t\t<\/div>\n\n\n<div class=\"infobox\"><h2>Secr\u00e9taire<\/h2><span class=\"contactname\">Ren\u00e9 Freysz<\/span><div class=\"infos\"><span class=\"material-icons\">call<\/span><span>06 63 29 69 41<\/span><\/div>\n\t\t<div class=\"infos\"><span class=\"material-icons\">email<\/span><span>freysz.rene@orange.fr<\/span><\/div>\n\t\t<div class=\"btnright\"><a href=\"mailto:freysz.rene@orange.fr\"><button>Contacter<\/button><\/a><\/div>\n\t\t<\/div>\n<\/div><\/div>\n\n\n\n<div style=\"height:42px\" aria-hidden=\"true\" class=\"wp-block-spacer eplus-b3DU1C\"><\/div>\n\n\n\n<div class=\"wp-block-group eplus-MzpFxg facebooklink\"><div class=\"wp-block-group__inner-container\">\n<div class=\"wp-block-group facebooklink eplus-RxRB3a\"><div class=\"wp-block-group__inner-container\">\n<div class=\"ep_icon__a106baea-c364-4393-b36b-b688243d5343 undefined\"><div class=\"ep_icon_wrapper\"><span class=\"eplusicon-facebook-official\"><\/span><\/div><\/div><style>.eplus_styles .ep_icon__a106baea-c364-4393-b36b-b688243d5343 .ep_icon_wrapper {\n                \n                text-align: center;\n            }.eplus_styles .ep_icon__a106baea-c364-4393-b36b-b688243d5343 .ep_icon_wrapper span {\n                \n                color: rgba(15, 128, 204, 1);\n            }.eplus_styles .ep_icon__a106baea-c364-4393-b36b-b688243d5343 .ep_icon_wrapper span {\n                \n                font-size: 24px ;\n            }.eplus_styles .ep_icon__a106baea-c364-4393-b36b-b688243d5343 .ep_icon_wrapper span {\n                \n                padding-top: 15px ;\npadding-right: 15px ;\npadding-bottom: 15px ;\npadding-left: 15px ;\n            }<\/style>\n\n\n\n<p class=\"has-text-align-center eplus-RMzAA2\"><a href=\"https:\/\/www.facebook.com\/Comit%C3%A9-de-Jumelage-Charenton-le-Pont-Allemagne-111837846961212\" target=\"_blank\" aria-label=\"Page Facebook du comit\u00e9 Allemagne (opens in a new tab)\" rel=\"noreferrer noopener\" class=\"ek-link\">Page Facebook du comit\u00e9 Allemagne<\/a><\/p>\n<\/div><\/div>\n<\/div><\/div>\n","protected":false},"excerpt":{"rendered":"<p>Renseignements sur les activit\u00e9s de la section Allemagne tout au long de l&rsquo;ann\u00e9e ( cours, conf\u00e9rences, r\u00e9unions \u2026) :<\/p>\n","protected":false},"author":1,"featured_media":0,"parent":29,"menu_order":6,"comment_status":"closed","ping_status":"closed","template":"full-width-page.php","meta":{"editor_plus_custom_animation_option_css":"{}","_editorskit_title_hidden":false,"_editorskit_reading_time":1,"_editorskit_typography_data":[],"_editorskit_blocks_typography":"","editor_plus_custom_css":"{\"7081877a-af34-49df-b633-71f72d43836e\":\".eplus-p2wFT4 { \\n\\n}\",\"d2626d4e-0bd6-45cf-a488-63de62760ef7\":\".eplus-I7T427 { \\n\\n}\",\"4f1c03bb-4a0b-4d85-aadb-c0e803fc783e\":\".eplus-5mDXDV { \\n\\n}\",\"9d213345-7562-42c5-b5e9-526c74d9011a\":\".eplus-i3PmFK.contactgrp { \\n\\n}\",\"9bee00d5-7a06-4f9b-9f76-67c73b868503\":\".eplus-b3DU1C { \\n\\n}\",\"7e1f3284-908d-4be7-b3fc-24c98e784125\":\".eplus-RMzAA2 { \\n\\n}\",\"535c831f-a403-48c6-b384-d48ecf12cfb7\":\".facebooklink.eplus-RxRB3a { \\n}\",\"803818f8-c00b-4f98-8509-b3da7d411c9f\":\".eplus-MzpFxg.facebooklink { \\n}\"}","editor_plus_custom_css_file_version":"latest-39","editor_plus_custom_styling_options_file_version":"latest-4260","editor_plus_custom_styling_options_css":"{\"7081877a-af34-49df-b633-71f72d43836e\":\"\",\"d2626d4e-0bd6-45cf-a488-63de62760ef7\":\"\",\"4f1c03bb-4a0b-4d85-aadb-c0e803fc783e\":\"\",\"9d213345-7562-42c5-b5e9-526c74d9011a\":\"\",\"9bee00d5-7a06-4f9b-9f76-67c73b868503\":\"\",\"7e1f3284-908d-4be7-b3fc-24c98e784125\":\"\",\"535c831f-a403-48c6-b384-d48ecf12cfb7\":\".eplus_styles .eplus-RxRB3a {\\n                position: relative;\\n                display: flex;\\n            }\",\"803818f8-c00b-4f98-8509-b3da7d411c9f\":\".eplus_styles .eplus-MzpFxg {\\n                position: relative;\\n                display: flex;\\n            }\"}","editor_plus_copied_stylings":"{}","editor_plus_extended_blocks_css":"{}","editor_plus_post_options":"{}","ngg_post_thumbnail":0},"_links":{"self":[{"href":"https:\/\/www.jumelagecharenton.fr\/index.php\/wp-json\/wp\/v2\/pages\/226"}],"collection":[{"href":"https:\/\/www.jumelagecharenton.fr\/index.php\/wp-json\/wp\/v2\/pages"}],"about":[{"href":"https:\/\/www.jumelagecharenton.fr\/index.php\/wp-json\/wp\/v2\/types\/page"}],"author":[{"embeddable":true,"href":"https:\/\/www.jumelagecharenton.fr\/index.php\/wp-json\/wp\/v2\/users\/1"}],"replies":[{"embeddable":true,"href":"https:\/\/www.jumelagecharenton.fr\/index.php\/wp-json\/wp\/v2\/comments?post=226"}],"version-history":[{"count":15,"href":"https:\/\/www.jumelagecharenton.fr\/index.php\/wp-json\/wp\/v2\/pages\/226\/revisions"}],"predecessor-version":[{"id":1163,"href":"https:\/\/www.jumelagecharenton.fr\/index.php\/wp-json\/wp\/v2\/pages\/226\/revisions\/1163"}],"up":[{"embeddable":true,"href":"https:\/\/www.jumelagecharenton.fr\/index.php\/wp-json\/wp\/v2\/pages\/29"}],"wp:attachment":[{"href":"https:\/\/www.jumelagecharenton.fr\/index.php\/wp-json\/wp\/v2\/media?parent=226"}],"curies":[{"name":"wp","href":"https:\/\/api.w.org\/{rel}","templated":true}]}}