


{"id":814,"date":"2021-07-16T17:18:01","date_gmt":"2021-07-16T15:18:01","guid":{"rendered":"http:\/\/www.jumelagecharenton.fr\/?post_type=event_listing&#038;p=814"},"modified":"2022-05-01T15:10:12","modified_gmt":"2022-05-01T13:10:12","slug":"brunch","status":"publish","type":"event_listing","link":"https:\/\/www.jumelagecharenton.fr\/index.php\/evenement\/brunch\/","title":{"rendered":"D\u00e9jeuner de printemps de la section Allemagne"},"content":{"rendered":"\n<p class=\"eplus-ZPrSXn\">La section Allemagne du Comit\u00e9 de Jumelage vous invite \u00e0 sa sortie de printemps dans le 17\u00e8me arrondissement de Paris.<\/p>\n\n\n\n<figure class=\"wp-block-image is-resized eplus-rRJlbr\"><img loading=\"lazy\" src=\"http:\/\/www.jumelagecharenton.fr\/wp-content\/uploads\/ALL_KaffeeHaus-21Mai22.jpg\" alt=\"\" class=\"wp-image-1634\" width=\"625\" height=\"331\" srcset=\"https:\/\/www.jumelagecharenton.fr\/wp-content\/uploads\/ALL_KaffeeHaus-21Mai22.jpg 1056w, https:\/\/www.jumelagecharenton.fr\/wp-content\/uploads\/ALL_KaffeeHaus-21Mai22-300x159.jpg 300w, https:\/\/www.jumelagecharenton.fr\/wp-content\/uploads\/ALL_KaffeeHaus-21Mai22-1024x543.jpg 1024w, https:\/\/www.jumelagecharenton.fr\/wp-content\/uploads\/ALL_KaffeeHaus-21Mai22-768x407.jpg 768w, https:\/\/www.jumelagecharenton.fr\/wp-content\/uploads\/ALL_KaffeeHaus-21Mai22-100x53.jpg 100w, https:\/\/www.jumelagecharenton.fr\/wp-content\/uploads\/ALL_KaffeeHaus-21Mai22-150x80.jpg 150w, https:\/\/www.jumelagecharenton.fr\/wp-content\/uploads\/ALL_KaffeeHaus-21Mai22-200x106.jpg 200w, https:\/\/www.jumelagecharenton.fr\/wp-content\/uploads\/ALL_KaffeeHaus-21Mai22-450x239.jpg 450w, https:\/\/www.jumelagecharenton.fr\/wp-content\/uploads\/ALL_KaffeeHaus-21Mai22-600x318.jpg 600w, https:\/\/www.jumelagecharenton.fr\/wp-content\/uploads\/ALL_KaffeeHaus-21Mai22-900x477.jpg 900w\" sizes=\"(max-width: 625px) 100vw, 625px\" \/><\/figure>\n\n\n\n<p class=\"eplus-zzZK9J\">Rendez vous \u00e0 12h30 au restaurant le Kaffeehaus, 11 rue Poncelet dans le 17\u00e8me arrondissement. Le restaurant propose des sp\u00e9cialit\u00e9s allemandes de l\u2019Est de l\u2019Europe et des p\u00e2tisseries viennoises maison.<br>La formule propos\u00e9e est bas\u00e9e sur un plat, un dessert, une boisson et un caf\u00e9.<br>Pour celles et ceux qui le souhaitent, le d\u00e9jeuner sera suivi d&rsquo;une balade d\u00e9couverte d\u2019une heure et demie, dans le quartier de la plaine Monceau, comment\u00e9e par notre ami Pascal-Jean Fournier. <br>Au programme notamment : la cath\u00e9drale orthodoxe Saint-Alexandre-Nevsky, le parc Monceau et quelques b\u00e2timents remarquables du quartier.<\/p>\n\n\n\n<p class=\"eplus-XlFpCD\"><a href=\"http:\/\/www.jumelagecharenton.fr\/wp-content\/uploads\/ALL_InscDejeunerPrintemps_21Mai22.pdf\" target=\"_blank\" aria-label=\"Formulaire d'inscription (opens in a new tab)\" rel=\"noreferrer noopener\" class=\"ek-link\">Formulaire d&rsquo;inscription<\/a><\/p>\n\n\n\n<p class=\"eplus-n1d5yi\"><\/p>\n","protected":false},"featured_media":0,"template":"","meta":{"editor_plus_custom_animation_option_css":"{}","_editorskit_title_hidden":false,"_editorskit_reading_time":1,"_editorskit_typography_data":[],"_editorskit_blocks_typography":"","editor_plus_custom_css":"{\"7ba36e12-3a05-41e3-aeee-c4d9e535de6e\":\".eplus-ZPrSXn { \\n\\n}\",\"9901c874-b86d-4c18-8e61-d35d5458a23d\":\".eplus-rRJlbr { \\n\\n}\",\"3063c967-a56e-4938-b0ac-40e0d6ca7fd3\":\".eplus-zzZK9J { \\n\\n}\",\"8662af3f-8a40-4457-a5e1-daf7ed1937a2\":\".eplus-XlFpCD { \\n\\n}\",\"3fd5214b-09df-495a-8cba-689d8cfb613a\":\".eplus-n1d5yi { \\n\\n}\"}","editor_plus_custom_css_file_version":"latest-696","editor_plus_custom_styling_options_file_version":"latest-6896","editor_plus_custom_styling_options_css":"{\"7ba36e12-3a05-41e3-aeee-c4d9e535de6e\":\"\",\"9901c874-b86d-4c18-8e61-d35d5458a23d\":\"\",\"3063c967-a56e-4938-b0ac-40e0d6ca7fd3\":\"\",\"8662af3f-8a40-4457-a5e1-daf7ed1937a2\":\"\",\"3fd5214b-09df-495a-8cba-689d8cfb613a\":\"\"}","editor_plus_copied_stylings":"{}","editor_plus_extended_blocks_css":"{}","editor_plus_post_options":"{}","ngg_post_thumbnail":0},"event_listing_category":[42],"event_listing_type":[],"_links":{"self":[{"href":"https:\/\/www.jumelagecharenton.fr\/index.php\/wp-json\/wp\/v2\/event_listing\/814"}],"collection":[{"href":"https:\/\/www.jumelagecharenton.fr\/index.php\/wp-json\/wp\/v2\/event_listing"}],"about":[{"href":"https:\/\/www.jumelagecharenton.fr\/index.php\/wp-json\/wp\/v2\/types\/event_listing"}],"wp:attachment":[{"href":"https:\/\/www.jumelagecharenton.fr\/index.php\/wp-json\/wp\/v2\/media?parent=814"}],"wp:term":[{"taxonomy":"event_listing_category","embeddable":true,"href":"https:\/\/www.jumelagecharenton.fr\/index.php\/wp-json\/wp\/v2\/event_listing_category?post=814"},{"taxonomy":"event_listing_type","embeddable":true,"href":"https:\/\/www.jumelagecharenton.fr\/index.php\/wp-json\/wp\/v2\/event_listing_type?post=814"}],"curies":[{"name":"wp","href":"https:\/\/api.w.org\/{rel}","templated":true}]}}

Déjeuner de printemps de la section Allemagne

<p class="eplus-ZPrSXn">La section Allemagne du Comité de Jumelage vous invite à sa sortie de printemps dans le 17ème arrondissement de Paris.</p>



<figure class="wp-block-image is-resized eplus-rRJlbr"><img loading="lazy" src="http://www.jumelagecharenton.fr/wp-content/uploads/ALL_KaffeeHaus-21Mai22.jpg" alt="" class="wp-image-1634" width="625" height="331" srcset="https://www.jumelagecharenton.fr/wp-content/uploads/ALL_KaffeeHaus-21Mai22.jpg 1056w, https://www.jumelagecharenton.fr/wp-content/uploads/ALL_KaffeeHaus-21Mai22-300x159.jpg 300w, https://www.jumelagecharenton.fr/wp-content/uploads/ALL_KaffeeHaus-21Mai22-1024x543.jpg 1024w, https://www.jumelagecharenton.fr/wp-content/uploads/ALL_KaffeeHaus-21Mai22-768x407.jpg 768w, https://www.jumelagecharenton.fr/wp-content/uploads/ALL_KaffeeHaus-21Mai22-100x53.jpg 100w, https://www.jumelagecharenton.fr/wp-content/uploads/ALL_KaffeeHaus-21Mai22-150x80.jpg 150w, https://www.jumelagecharenton.fr/wp-content/uploads/ALL_KaffeeHaus-21Mai22-200x106.jpg 200w, https://www.jumelagecharenton.fr/wp-content/uploads/ALL_KaffeeHaus-21Mai22-450x239.jpg 450w, https://www.jumelagecharenton.fr/wp-content/uploads/ALL_KaffeeHaus-21Mai22-600x318.jpg 600w, https://www.jumelagecharenton.fr/wp-content/uploads/ALL_KaffeeHaus-21Mai22-900x477.jpg 900w" sizes="(max-width: 625px) 100vw, 625px" /></figure>



<p class="eplus-zzZK9J">Rendez vous à 12h30 au restaurant le Kaffeehaus, 11 rue Poncelet dans le 17ème arrondissement. Le restaurant propose des spécialités allemandes de l’Est de l’Europe et des pâtisseries viennoises maison.<br>La formule proposée est basée sur un plat, un dessert, une boisson et un café.<br>Pour celles et ceux qui le souhaitent, le déjeuner sera suivi d&rsquo;une balade découverte d’une heure et demie, dans le quartier de la plaine Monceau, commentée par notre ami Pascal-Jean Fournier. <br>Au programme notamment : la cathédrale orthodoxe Saint-Alexandre-Nevsky, le parc Monceau et quelques bâtiments remarquables du quartier.</p>



<p class="eplus-XlFpCD"><a href="http://www.jumelagecharenton.fr/wp-content/uploads/ALL_InscDejeunerPrintemps_21Mai22.pdf" target="_blank" aria-label="Formulaire d'inscription (opens in a new tab)" rel="noreferrer noopener" class="ek-link">Formulaire d&rsquo;inscription</a></p>



<p class="eplus-n1d5yi"></p>
