


{"id":812,"date":"2021-07-16T17:16:37","date_gmt":"2021-07-16T15:16:37","guid":{"rendered":"http:\/\/www.jumelagecharenton.fr\/?post_type=event_listing&#038;p=812"},"modified":"2022-12-06T15:46:45","modified_gmt":"2022-12-06T14:46:45","slug":"assemblee-generale-de-la-section","status":"publish","type":"event_listing","link":"https:\/\/www.jumelagecharenton.fr\/index.php\/evenement\/assemblee-generale-de-la-section\/","title":{"rendered":"Assembl\u00e9e G\u00e9n\u00e9rale de la section Allemagne"},"content":{"rendered":"\n<p class=\"eplus-EORG78\"><\/p>\n","protected":false},"featured_media":378,"template":"","meta":{"editor_plus_custom_animation_option_css":"{}","_editorskit_title_hidden":false,"_editorskit_reading_time":1,"_editorskit_typography_data":[],"_editorskit_blocks_typography":"","editor_plus_custom_css":"{\"b13aed79-99f1-4134-b299-5d27957a1029\":\".eplus-EORG78 { \\n\\n}\"}","editor_plus_custom_css_file_version":"latest-74","editor_plus_custom_styling_options_file_version":"latest-663","editor_plus_custom_styling_options_css":"{\"b13aed79-99f1-4134-b299-5d27957a1029\":\"\"}","editor_plus_copied_stylings":"{}","editor_plus_extended_blocks_css":"{}","editor_plus_post_options":"{}","ngg_post_thumbnail":0},"event_listing_category":[42],"event_listing_type":[],"_links":{"self":[{"href":"https:\/\/www.jumelagecharenton.fr\/index.php\/wp-json\/wp\/v2\/event_listing\/812"}],"collection":[{"href":"https:\/\/www.jumelagecharenton.fr\/index.php\/wp-json\/wp\/v2\/event_listing"}],"about":[{"href":"https:\/\/www.jumelagecharenton.fr\/index.php\/wp-json\/wp\/v2\/types\/event_listing"}],"wp:featuredmedia":[{"embeddable":true,"href":"https:\/\/www.jumelagecharenton.fr\/index.php\/wp-json\/wp\/v2\/media\/378"}],"wp:attachment":[{"href":"https:\/\/www.jumelagecharenton.fr\/index.php\/wp-json\/wp\/v2\/media?parent=812"}],"wp:term":[{"taxonomy":"event_listing_category","embeddable":true,"href":"https:\/\/www.jumelagecharenton.fr\/index.php\/wp-json\/wp\/v2\/event_listing_category?post=812"},{"taxonomy":"event_listing_type","embeddable":true,"href":"https:\/\/www.jumelagecharenton.fr\/index.php\/wp-json\/wp\/v2\/event_listing_type?post=812"}],"curies":[{"name":"wp","href":"https:\/\/api.w.org\/{rel}","templated":true}]}}

Assemblée Générale de la section Allemagne
