


{"id":811,"date":"2021-07-16T17:15:49","date_gmt":"2021-07-16T15:15:49","guid":{"rendered":"http:\/\/www.jumelagecharenton.fr\/?post_type=event_listing&#038;p=811"},"modified":"2021-12-02T12:48:41","modified_gmt":"2021-12-02T11:48:41","slug":"vente-de-specialites-allemandes","status":"publish","type":"event_listing","link":"https:\/\/www.jumelagecharenton.fr\/index.php\/evenement\/vente-de-specialites-allemandes\/","title":{"rendered":"Vente de sp\u00e9cialit\u00e9s allemandes &#8211; T\u00e9l\u00e9thon 2021"},"content":{"rendered":"\n<p class=\"eplus-6Ek985\">\u200c<img loading=\"lazy\" width=\"219\" height=\"66\" class=\"wp-image-1109\" style=\"width: 200px;\" src=\"http:\/\/www.jumelagecharenton.fr\/wp-content\/uploads\/TelethonLogo.jpg\" alt=\"\" srcset=\"https:\/\/www.jumelagecharenton.fr\/wp-content\/uploads\/TelethonLogo.jpg 219w, https:\/\/www.jumelagecharenton.fr\/wp-content\/uploads\/TelethonLogo-100x30.jpg 100w, https:\/\/www.jumelagecharenton.fr\/wp-content\/uploads\/TelethonLogo-150x45.jpg 150w, https:\/\/www.jumelagecharenton.fr\/wp-content\/uploads\/TelethonLogo-200x60.jpg 200w\" sizes=\"(max-width: 219px) 100vw, 219px\" \/><\/p>\n\n\n\n<p class=\"eplus-CrCBJr\">A l\u2019occasion du T\u00e9l\u00e9thon 2021, le Comit\u00e9 de jumelage Allemagne tiendra un stand, comme chaque ann\u00e9e, sur la place Aristide Briand.<\/p>\n\n\n\n<p class=\"eplus-BQW1kE\">Alors venez faire un tour sur notre stand, pour d\u00e9guster (et emporter) des g\u00e2teaux et biscuits de No\u00ebl allemands et, pourquoi pas, boire un bon verre de vin chaud&#8230;<\/p>\n\n\n\n<p class=\"eplus-xbacNd\">Samedi 4 d\u00e9cembre, entre 9h30 et 16h30<\/p>\n\n\n\n<p class=\"eplus-jarXmx\">On compte sur vous,<br>Merci !<\/p>\n","protected":false},"featured_media":1109,"template":"","meta":{"editor_plus_custom_animation_option_css":"{}","_editorskit_title_hidden":false,"_editorskit_reading_time":1,"_editorskit_typography_data":[],"_editorskit_blocks_typography":"","editor_plus_custom_css":"{\"5c9b0030-ac6d-4ab0-9679-5d8665593299\":\".eplus-xbacNd { \\n\\n}\",\"19d80021-71fb-4194-a41f-722c7a21fc0f\":\".eplus-jarXmx { \\n\\n}\",\"42992696-a86d-4992-8c05-3ea90e06b81e\":\".eplus-BQW1kE { \\n\\n}\",\"db7d0ed1-da47-4e3e-b28d-0c734c37ccf4\":\".eplus-6Ek985 { \\n\\n}\",\"e4824b06-cc9a-4af0-a357-5a0328ab08eb\":\".eplus-CrCBJr { \\n\\n}\"}","editor_plus_custom_css_file_version":"latest-613","editor_plus_custom_styling_options_file_version":"latest-7201","editor_plus_custom_styling_options_css":"{\"5c9b0030-ac6d-4ab0-9679-5d8665593299\":\"\",\"19d80021-71fb-4194-a41f-722c7a21fc0f\":\"\",\"42992696-a86d-4992-8c05-3ea90e06b81e\":\"\",\"db7d0ed1-da47-4e3e-b28d-0c734c37ccf4\":\"\",\"e4824b06-cc9a-4af0-a357-5a0328ab08eb\":\"\"}","editor_plus_copied_stylings":"{}","editor_plus_extended_blocks_css":"{}","editor_plus_post_options":"{}","ngg_post_thumbnail":0},"event_listing_category":[42],"event_listing_type":[],"_links":{"self":[{"href":"https:\/\/www.jumelagecharenton.fr\/index.php\/wp-json\/wp\/v2\/event_listing\/811"}],"collection":[{"href":"https:\/\/www.jumelagecharenton.fr\/index.php\/wp-json\/wp\/v2\/event_listing"}],"about":[{"href":"https:\/\/www.jumelagecharenton.fr\/index.php\/wp-json\/wp\/v2\/types\/event_listing"}],"wp:featuredmedia":[{"embeddable":true,"href":"https:\/\/www.jumelagecharenton.fr\/index.php\/wp-json\/wp\/v2\/media\/1109"}],"wp:attachment":[{"href":"https:\/\/www.jumelagecharenton.fr\/index.php\/wp-json\/wp\/v2\/media?parent=811"}],"wp:term":[{"taxonomy":"event_listing_category","embeddable":true,"href":"https:\/\/www.jumelagecharenton.fr\/index.php\/wp-json\/wp\/v2\/event_listing_category?post=811"},{"taxonomy":"event_listing_type","embeddable":true,"href":"https:\/\/www.jumelagecharenton.fr\/index.php\/wp-json\/wp\/v2\/event_listing_type?post=811"}],"curies":[{"name":"wp","href":"https:\/\/api.w.org\/{rel}","templated":true}]}}

Vente de spécialités allemandes &#8211; Téléthon 2021

<p class="eplus-6Ek985">‌<img loading="lazy" width="219" height="66" class="wp-image-1109" style="width: 200px;" src="http://www.jumelagecharenton.fr/wp-content/uploads/TelethonLogo.jpg" alt="" srcset="https://www.jumelagecharenton.fr/wp-content/uploads/TelethonLogo.jpg 219w, https://www.jumelagecharenton.fr/wp-content/uploads/TelethonLogo-100x30.jpg 100w, https://www.jumelagecharenton.fr/wp-content/uploads/TelethonLogo-150x45.jpg 150w, https://www.jumelagecharenton.fr/wp-content/uploads/TelethonLogo-200x60.jpg 200w" sizes="(max-width: 219px) 100vw, 219px" /></p>



<p class="eplus-CrCBJr">A l’occasion du Téléthon 2021, le Comité de jumelage Allemagne tiendra un stand, comme chaque année, sur la place Aristide Briand.</p>



<p class="eplus-BQW1kE">Alors venez faire un tour sur notre stand, pour déguster (et emporter) des gâteaux et biscuits de Noël allemands et, pourquoi pas, boire un bon verre de vin chaud&#8230;</p>



<p class="eplus-xbacNd">Samedi 4 décembre, entre 9h30 et 16h30</p>



<p class="eplus-jarXmx">On compte sur vous,<br>Merci !</p>
