


{"id":810,"date":"2021-07-16T17:14:12","date_gmt":"2021-07-16T15:14:12","guid":{"rendered":"http:\/\/www.jumelagecharenton.fr\/?post_type=event_listing&#038;p=810"},"modified":"2021-12-12T00:31:37","modified_gmt":"2021-12-11T23:31:37","slug":"visite-du-marche-de-noel","status":"publish","type":"event_listing","link":"https:\/\/www.jumelagecharenton.fr\/index.php\/evenement\/visite-du-marche-de-noel\/","title":{"rendered":"Visite du March\u00e9 de No\u00ebl du Luxembourg"},"content":{"rendered":"\n<p class=\"eplus-0mFt1Q\"><img loading=\"lazy\" width=\"800\" height=\"534\" class=\"wp-image-1095\" style=\"width: 500px;\" src=\"http:\/\/www.jumelagecharenton.fr\/wp-content\/uploads\/MarcheNoel_Luxembourg.jpg\" alt=\"\" srcset=\"https:\/\/www.jumelagecharenton.fr\/wp-content\/uploads\/MarcheNoel_Luxembourg.jpg 800w, https:\/\/www.jumelagecharenton.fr\/wp-content\/uploads\/MarcheNoel_Luxembourg-300x200.jpg 300w, https:\/\/www.jumelagecharenton.fr\/wp-content\/uploads\/MarcheNoel_Luxembourg-768x513.jpg 768w, https:\/\/www.jumelagecharenton.fr\/wp-content\/uploads\/MarcheNoel_Luxembourg-100x67.jpg 100w, https:\/\/www.jumelagecharenton.fr\/wp-content\/uploads\/MarcheNoel_Luxembourg-150x100.jpg 150w, https:\/\/www.jumelagecharenton.fr\/wp-content\/uploads\/MarcheNoel_Luxembourg-200x134.jpg 200w, https:\/\/www.jumelagecharenton.fr\/wp-content\/uploads\/MarcheNoel_Luxembourg-450x300.jpg 450w, https:\/\/www.jumelagecharenton.fr\/wp-content\/uploads\/MarcheNoel_Luxembourg-600x401.jpg 600w\" sizes=\"(max-width: 800px) 100vw, 800px\" \/><\/p>\n\n\n\n<p class=\"eplus-Toa302\">Voyage en TGV<br>D\u00e9part de Paris Est \u2013 Gare de Luxembourg<br>Aller : D\u00e9part 07h40 \u2013 arriv\u00e9e \u00e0 09h05<br>Retour : D\u00e9part 18h10 \u2013 arriv\u00e9e \u00e0 20h20<\/p>\n\n\n\n<p class=\"eplus-EVX3ol\">Programme :<br>Le matin, visite guid\u00e9e de la vieille ville de 10h30 \u00e0 12h30<br>D\u00e9jeuner traditionnel au Restaurant \u00ab\u00a0Am Tiirmschen\u00a0\u00bb (https:\/\/www.amtiirmschen.lu\/)<br>Visite libre du March\u00e9 de No\u00ebl \u00e0 Luxembourg<br>Go\u00fbter au \u00ab\u00a0Chocolate House\u00a0\u00bb, en face du Palais Royal<\/p>\n\n\n\n<p class=\"eplus-4URUMR\">Prix de la visite :<br>170\u20ac pour les membres de la Section Allemagne \u00e0 jour de leur cotisation et 175\u20ac pour les non-membres.<br>Le prix ne comprend pas les consommations au \u00ab\u00a0Chocolate House\u00a0\u00bb.<br>Le prix de l\u2019A\/R en train est de 122\u20ac pour un groupe d\u2019au moins 9 personnes.<br>Pour les personnes souhaitant s\u2019occuper elles-m\u00eames de leur voyage, le co\u00fbt sera de 48\u20ac pour les membres de la Section Allemagne et de 53\u20ac pour les non-membres.<\/p>\n\n\n\n<p class=\"eplus-alIL4h\"><a href=\"http:\/\/www.jumelagecharenton.fr\/wp-content\/uploads\/Marche-de-Noel-Luxembourg-20211127V4-1.pdf\" target=\"_blank\" aria-label=\"Bulletin d'inscription (opens in a new tab)\" rel=\"noreferrer noopener\" class=\"ek-link\"><strong>Bulletin d&rsquo;inscription<\/strong><\/a><\/p>\n\n\n\n<p class=\"eplus-Gu5okP\"><img class=\"wp-image-1299\" style=\"width: NaNpx;\" src=\"http:\/\/www.jumelagecharenton.fr\/wp-content\/uploads\/Marche-de-Noel-Luxembourg-20211127V4-1.pdf\" alt=\"\"><\/p>\n","protected":false},"featured_media":1095,"template":"","meta":{"editor_plus_custom_animation_option_css":"{}","_editorskit_title_hidden":false,"_editorskit_reading_time":1,"_editorskit_typography_data":[],"_editorskit_blocks_typography":"","editor_plus_custom_css":"{\"e9c46c73-429c-471b-b7a4-ac821f6bbe68\":\".eplus-0mFt1Q { \\n\\n}\",\"51d478c3-7a84-4dbc-a2df-718147d4715e\":\".eplus-Toa302 { \\n\\n}\",\"bdbfeebd-6c3f-40a5-a448-1bd6e291b220\":\".eplus-EVX3ol { \\n\\n}\",\"ddd6988e-76a1-4883-bcd3-8b3747ba8f6d\":\".eplus-4URUMR { \\n\\n}\",\"a3d2eb4e-9375-45b2-80d3-988a785f172a\":\".eplus-alIL4h { \\n\\n}\",\"e867717f-6c39-4fd1-8c16-a32d803c2dac\":\".eplus-Gu5okP { \\n\\n}\"}","editor_plus_custom_css_file_version":"latest-898","editor_plus_custom_styling_options_file_version":"latest-1373","editor_plus_custom_styling_options_css":"{\"e9c46c73-429c-471b-b7a4-ac821f6bbe68\":\"\",\"51d478c3-7a84-4dbc-a2df-718147d4715e\":\"\",\"bdbfeebd-6c3f-40a5-a448-1bd6e291b220\":\"\",\"ddd6988e-76a1-4883-bcd3-8b3747ba8f6d\":\"\",\"a3d2eb4e-9375-45b2-80d3-988a785f172a\":\"\",\"e867717f-6c39-4fd1-8c16-a32d803c2dac\":\"\"}","editor_plus_copied_stylings":"{}","editor_plus_extended_blocks_css":"{}","editor_plus_post_options":"{}","ngg_post_thumbnail":0},"event_listing_category":[42],"event_listing_type":[],"_links":{"self":[{"href":"https:\/\/www.jumelagecharenton.fr\/index.php\/wp-json\/wp\/v2\/event_listing\/810"}],"collection":[{"href":"https:\/\/www.jumelagecharenton.fr\/index.php\/wp-json\/wp\/v2\/event_listing"}],"about":[{"href":"https:\/\/www.jumelagecharenton.fr\/index.php\/wp-json\/wp\/v2\/types\/event_listing"}],"wp:featuredmedia":[{"embeddable":true,"href":"https:\/\/www.jumelagecharenton.fr\/index.php\/wp-json\/wp\/v2\/media\/1095"}],"wp:attachment":[{"href":"https:\/\/www.jumelagecharenton.fr\/index.php\/wp-json\/wp\/v2\/media?parent=810"}],"wp:term":[{"taxonomy":"event_listing_category","embeddable":true,"href":"https:\/\/www.jumelagecharenton.fr\/index.php\/wp-json\/wp\/v2\/event_listing_category?post=810"},{"taxonomy":"event_listing_type","embeddable":true,"href":"https:\/\/www.jumelagecharenton.fr\/index.php\/wp-json\/wp\/v2\/event_listing_type?post=810"}],"curies":[{"name":"wp","href":"https:\/\/api.w.org\/{rel}","templated":true}]}}

Visite du Marché de Noël du Luxembourg

<p class="eplus-0mFt1Q"><img loading="lazy" width="800" height="534" class="wp-image-1095" style="width: 500px;" src="http://www.jumelagecharenton.fr/wp-content/uploads/MarcheNoel_Luxembourg.jpg" alt="" srcset="https://www.jumelagecharenton.fr/wp-content/uploads/MarcheNoel_Luxembourg.jpg 800w, https://www.jumelagecharenton.fr/wp-content/uploads/MarcheNoel_Luxembourg-300x200.jpg 300w, https://www.jumelagecharenton.fr/wp-content/uploads/MarcheNoel_Luxembourg-768x513.jpg 768w, https://www.jumelagecharenton.fr/wp-content/uploads/MarcheNoel_Luxembourg-100x67.jpg 100w, https://www.jumelagecharenton.fr/wp-content/uploads/MarcheNoel_Luxembourg-150x100.jpg 150w, https://www.jumelagecharenton.fr/wp-content/uploads/MarcheNoel_Luxembourg-200x134.jpg 200w, https://www.jumelagecharenton.fr/wp-content/uploads/MarcheNoel_Luxembourg-450x300.jpg 450w, https://www.jumelagecharenton.fr/wp-content/uploads/MarcheNoel_Luxembourg-600x401.jpg 600w" sizes="(max-width: 800px) 100vw, 800px" /></p>



<p class="eplus-Toa302">Voyage en TGV<br>Départ de Paris Est – Gare de Luxembourg<br>Aller : Départ 07h40 – arrivée à 09h05<br>Retour : Départ 18h10 – arrivée à 20h20</p>



<p class="eplus-EVX3ol">Programme :<br>Le matin, visite guidée de la vieille ville de 10h30 à 12h30<br>Déjeuner traditionnel au Restaurant « Am Tiirmschen » (https://www.amtiirmschen.lu/)<br>Visite libre du Marché de Noël à Luxembourg<br>Goûter au « Chocolate House », en face du Palais Royal</p>



<p class="eplus-4URUMR">Prix de la visite :<br>170€ pour les membres de la Section Allemagne à jour de leur cotisation et 175€ pour les non-membres.<br>Le prix ne comprend pas les consommations au « Chocolate House ».<br>Le prix de l’A/R en train est de 122€ pour un groupe d’au moins 9 personnes.<br>Pour les personnes souhaitant s’occuper elles-mêmes de leur voyage, le coût sera de 48€ pour les membres de la Section Allemagne et de 53€ pour les non-membres.</p>



<p class="eplus-alIL4h"><a href="http://www.jumelagecharenton.fr/wp-content/uploads/Marche-de-Noel-Luxembourg-20211127V4-1.pdf" target="_blank" aria-label="Bulletin d'inscription (opens in a new tab)" rel="noreferrer noopener" class="ek-link"><strong>Bulletin d&rsquo;inscription</strong></a></p>



<p class="eplus-Gu5okP"><img class="wp-image-1299" style="width: NaNpx;" src="http://www.jumelagecharenton.fr/wp-content/uploads/Marche-de-Noel-Luxembourg-20211127V4-1.pdf" alt=""></p>
