


{"id":3604,"date":"2026-09-04T06:29:52","date_gmt":"2026-09-04T04:29:52","guid":{"rendered":"https:\/\/www.jumelagecharenton.fr\/?post_type=event_listing&#038;p=3604"},"modified":"2026-09-04T06:29:52","modified_gmt":"2026-09-04T04:29:52","slug":"assemblee-generale-de-la-section-israel-2","status":"publish","type":"event_listing","link":"https:\/\/www.jumelagecharenton.fr\/index.php\/evenement\/assemblee-generale-de-la-section-israel-2\/","title":{"rendered":"Assembl\u00e9e G\u00e9n\u00e9rale de la Section Isra\u00ebl"},"content":{"rendered":"","protected":false},"featured_media":0,"template":"","meta":{"editor_plus_custom_animation_option_css":"{}","_editorskit_title_hidden":false,"_editorskit_reading_time":0,"_editorskit_typography_data":[],"_editorskit_blocks_typography":"","editor_plus_custom_css":"{}","editor_plus_custom_css_file_version":"initial","editor_plus_custom_styling_options_file_version":"initial","editor_plus_custom_styling_options_css":"{}","editor_plus_copied_stylings":"{}","editor_plus_extended_blocks_css":"{}","editor_plus_post_options":"{}","ngg_post_thumbnail":0},"event_listing_category":[],"event_listing_type":[],"_links":{"self":[{"href":"https:\/\/www.jumelagecharenton.fr\/index.php\/wp-json\/wp\/v2\/event_listing\/3604"}],"collection":[{"href":"https:\/\/www.jumelagecharenton.fr\/index.php\/wp-json\/wp\/v2\/event_listing"}],"about":[{"href":"https:\/\/www.jumelagecharenton.fr\/index.php\/wp-json\/wp\/v2\/types\/event_listing"}],"wp:attachment":[{"href":"https:\/\/www.jumelagecharenton.fr\/index.php\/wp-json\/wp\/v2\/media?parent=3604"}],"wp:term":[{"taxonomy":"event_listing_category","embeddable":true,"href":"https:\/\/www.jumelagecharenton.fr\/index.php\/wp-json\/wp\/v2\/event_listing_category?post=3604"},{"taxonomy":"event_listing_type","embeddable":true,"href":"https:\/\/www.jumelagecharenton.fr\/index.php\/wp-json\/wp\/v2\/event_listing_type?post=3604"}],"curies":[{"name":"wp","href":"https:\/\/api.w.org\/{rel}","templated":true}]}}

Assemblée Générale de la Section Israël
