


{"id":3093,"date":"2025-11-06T13:30:44","date_gmt":"2025-11-06T12:30:44","guid":{"rendered":"https:\/\/www.jumelagecharenton.fr\/?post_type=event_listing&#038;p=3093"},"modified":"2025-11-06T13:32:30","modified_gmt":"2025-11-06T12:32:30","slug":"concert-a-la-chapelle-de-conflans-oeuvres-de-vivaldi-et-de-pergolese","status":"publish","type":"event_listing","link":"https:\/\/www.jumelagecharenton.fr\/index.php\/evenement\/concert-a-la-chapelle-de-conflans-oeuvres-de-vivaldi-et-de-pergolese\/","title":{"rendered":"Concert \u00e0 la Chapelle de Conflans : \u0153uvres de Vivaldi et de Pergol\u00e8se"},"content":{"rendered":"\n<p class=\"eplus-16ISii\">Pour la deuxi\u00e8me fois, notre collaboration avec l&rsquo;Association des Amis de la Chapelle de Conflans et la chorale La Forlane porte ses fruits : nous vous proposons un beau concert de musique baroque consacr\u00e9 \u00e0 Vivaldi et Pergol\u00e8se.<\/p>\n\n\n\n<p class=\"eplus-A1ahmK\">Dimanche 16 novembre 2025 \u00e0 16h30 \u00e0 la Chapelle de Conflans &#8211; 5 rue de l\u2019Archev\u00each\u00e9 \u00e0 Charenton-le-Pont<\/p>\n\n\n\n<p class=\"eplus-CPaf0v\"><img loading=\"lazy\" width=\"752\" height=\"1032\" class=\"wp-image-3089\" style=\"width: 600px;\" src=\"http:\/\/www.jumelagecharenton.fr\/wp-content\/uploads\/ALL_Concert-ChapelleConflans_16Nov25.jpg\" alt=\"\" srcset=\"https:\/\/www.jumelagecharenton.fr\/wp-content\/uploads\/ALL_Concert-ChapelleConflans_16Nov25.jpg 752w, https:\/\/www.jumelagecharenton.fr\/wp-content\/uploads\/ALL_Concert-ChapelleConflans_16Nov25-219x300.jpg 219w, https:\/\/www.jumelagecharenton.fr\/wp-content\/uploads\/ALL_Concert-ChapelleConflans_16Nov25-746x1024.jpg 746w, https:\/\/www.jumelagecharenton.fr\/wp-content\/uploads\/ALL_Concert-ChapelleConflans_16Nov25-100x137.jpg 100w, https:\/\/www.jumelagecharenton.fr\/wp-content\/uploads\/ALL_Concert-ChapelleConflans_16Nov25-150x206.jpg 150w, https:\/\/www.jumelagecharenton.fr\/wp-content\/uploads\/ALL_Concert-ChapelleConflans_16Nov25-200x274.jpg 200w, https:\/\/www.jumelagecharenton.fr\/wp-content\/uploads\/ALL_Concert-ChapelleConflans_16Nov25-300x412.jpg 300w, https:\/\/www.jumelagecharenton.fr\/wp-content\/uploads\/ALL_Concert-ChapelleConflans_16Nov25-450x618.jpg 450w, https:\/\/www.jumelagecharenton.fr\/wp-content\/uploads\/ALL_Concert-ChapelleConflans_16Nov25-600x823.jpg 600w\" sizes=\"(max-width: 752px) 100vw, 752px\" \/><\/p>\n\n\n\n<p class=\"eplus-6lycqF\"><a href=\"http:\/\/www.jumelagecharenton.fr\/wp-content\/uploads\/ALL_Concert-ChapelleConflans_16Nov25.pdf\" target=\"_blank\" aria-label=\"D\u00e9tails et prospectus (opens in a new tab)\" rel=\"noreferrer noopener\" class=\"ek-link\"><strong><span style=\"text-decoration: underline;\" class=\"ek-underline\">D\u00e9tails et prospectus<\/span><\/strong><\/a><\/p>\n\n\n\n<p class=\"eplus-Ru1STm\">Places achetables en pr\u00e9-vente ou sur place le jour du concert :<br><a rel=\"noreferrer noopener\" href=\"https:\/\/www.jumelagecharenton.fr\/wp-admin\/www.helloasso.com\/associations\/la-forlane\" target=\"_blank\">https:www.helloasso.com\/associations\/la-forlane<\/a><\/p>\n","protected":false},"featured_media":3089,"template":"","meta":{"editor_plus_custom_animation_option_css":"{}","_editorskit_title_hidden":false,"_editorskit_reading_time":1,"_editorskit_typography_data":[],"_editorskit_blocks_typography":"","editor_plus_custom_css":"{\"b77157c0-55dd-4fcd-8aa0-3deb4081afb8\":\".eplus-16ISii { \\n\\n}\",\"47e7aec9-bd88-4e85-bb2b-21b277eddbea\":\".eplus-A1ahmK { \\n\\n}\",\"3f707df8-d245-4a86-8eed-48e2e2a9cbe6\":\".eplus-CPaf0v { \\n\\n}\",\"0e280bb0-6f8e-4864-916d-b8bef82a49cc\":\".eplus-6lycqF { \\n\\n}\",\"80d9d717-6200-4d03-ad76-20cf81a45f03\":\".eplus-Ru1STm { \\n\\n}\"}","editor_plus_custom_css_file_version":"latest-181","editor_plus_custom_styling_options_file_version":"latest-4404","editor_plus_custom_styling_options_css":"{\"b77157c0-55dd-4fcd-8aa0-3deb4081afb8\":\"\",\"47e7aec9-bd88-4e85-bb2b-21b277eddbea\":\"\",\"3f707df8-d245-4a86-8eed-48e2e2a9cbe6\":\"\",\"0e280bb0-6f8e-4864-916d-b8bef82a49cc\":\"\",\"80d9d717-6200-4d03-ad76-20cf81a45f03\":\"\"}","editor_plus_copied_stylings":"{}","editor_plus_extended_blocks_css":"{}","editor_plus_post_options":"{}","ngg_post_thumbnail":0},"event_listing_category":[42],"event_listing_type":[],"_links":{"self":[{"href":"https:\/\/www.jumelagecharenton.fr\/index.php\/wp-json\/wp\/v2\/event_listing\/3093"}],"collection":[{"href":"https:\/\/www.jumelagecharenton.fr\/index.php\/wp-json\/wp\/v2\/event_listing"}],"about":[{"href":"https:\/\/www.jumelagecharenton.fr\/index.php\/wp-json\/wp\/v2\/types\/event_listing"}],"wp:featuredmedia":[{"embeddable":true,"href":"https:\/\/www.jumelagecharenton.fr\/index.php\/wp-json\/wp\/v2\/media\/3089"}],"wp:attachment":[{"href":"https:\/\/www.jumelagecharenton.fr\/index.php\/wp-json\/wp\/v2\/media?parent=3093"}],"wp:term":[{"taxonomy":"event_listing_category","embeddable":true,"href":"https:\/\/www.jumelagecharenton.fr\/index.php\/wp-json\/wp\/v2\/event_listing_category?post=3093"},{"taxonomy":"event_listing_type","embeddable":true,"href":"https:\/\/www.jumelagecharenton.fr\/index.php\/wp-json\/wp\/v2\/event_listing_type?post=3093"}],"curies":[{"name":"wp","href":"https:\/\/api.w.org\/{rel}","templated":true}]}}

Concert à la Chapelle de Conflans : œuvres de Vivaldi et de Pergolèse

<p class="eplus-16ISii">Pour la deuxième fois, notre collaboration avec l&rsquo;Association des Amis de la Chapelle de Conflans et la chorale La Forlane porte ses fruits : nous vous proposons un beau concert de musique baroque consacré à Vivaldi et Pergolèse.</p>



<p class="eplus-A1ahmK">Dimanche 16 novembre 2025 à 16h30 à la Chapelle de Conflans &#8211; 5 rue de l’Archevêché à Charenton-le-Pont</p>



<p class="eplus-CPaf0v"><img loading="lazy" width="752" height="1032" class="wp-image-3089" style="width: 600px;" src="http://www.jumelagecharenton.fr/wp-content/uploads/ALL_Concert-ChapelleConflans_16Nov25.jpg" alt="" srcset="https://www.jumelagecharenton.fr/wp-content/uploads/ALL_Concert-ChapelleConflans_16Nov25.jpg 752w, https://www.jumelagecharenton.fr/wp-content/uploads/ALL_Concert-ChapelleConflans_16Nov25-219x300.jpg 219w, https://www.jumelagecharenton.fr/wp-content/uploads/ALL_Concert-ChapelleConflans_16Nov25-746x1024.jpg 746w, https://www.jumelagecharenton.fr/wp-content/uploads/ALL_Concert-ChapelleConflans_16Nov25-100x137.jpg 100w, https://www.jumelagecharenton.fr/wp-content/uploads/ALL_Concert-ChapelleConflans_16Nov25-150x206.jpg 150w, https://www.jumelagecharenton.fr/wp-content/uploads/ALL_Concert-ChapelleConflans_16Nov25-200x274.jpg 200w, https://www.jumelagecharenton.fr/wp-content/uploads/ALL_Concert-ChapelleConflans_16Nov25-300x412.jpg 300w, https://www.jumelagecharenton.fr/wp-content/uploads/ALL_Concert-ChapelleConflans_16Nov25-450x618.jpg 450w, https://www.jumelagecharenton.fr/wp-content/uploads/ALL_Concert-ChapelleConflans_16Nov25-600x823.jpg 600w" sizes="(max-width: 752px) 100vw, 752px" /></p>



<p class="eplus-6lycqF"><a href="http://www.jumelagecharenton.fr/wp-content/uploads/ALL_Concert-ChapelleConflans_16Nov25.pdf" target="_blank" aria-label="Détails et prospectus (opens in a new tab)" rel="noreferrer noopener" class="ek-link"><strong><span style="text-decoration: underline;" class="ek-underline">Détails et prospectus</span></strong></a></p>



<p class="eplus-Ru1STm">Places achetables en pré-vente ou sur place le jour du concert :<br><a rel="noreferrer noopener" href="https://www.jumelagecharenton.fr/wp-admin/www.helloasso.com/associations/la-forlane" target="_blank">https:www.helloasso.com/associations/la-forlane</a></p>
