


{"id":2396,"date":"2024-02-08T13:14:46","date_gmt":"2024-02-08T12:14:46","guid":{"rendered":"http:\/\/www.jumelagecharenton.fr\/?post_type=event_listing&#038;p=2396"},"modified":"2024-02-15T21:47:52","modified_gmt":"2024-02-15T20:47:52","slug":"aspects-inconnus-de-la-construction-du-mur-de-berlin","status":"publish","type":"event_listing","link":"https:\/\/www.jumelagecharenton.fr\/index.php\/evenement\/aspects-inconnus-de-la-construction-du-mur-de-berlin\/","title":{"rendered":"Aspects inconnus de la construction du mur de Berlin"},"content":{"rendered":"\n<p class=\"eplus-nBmAmM\">Nous poursuivons notre approche des \u00e9v\u00e9nements qui ont profond\u00e9ment marqu\u00e9 l&rsquo;Allemagne longtemps divis\u00e9e en deux \u00c9tats. Notre nouvelle conf\u00e9rence, propos\u00e9e par Erika Robart, vous donnera l&rsquo;occasion d&rsquo;entendre un t\u00e9moin direct de la construction du Mur de Berlin, dont les cons\u00e9quences ont boulevers\u00e9 non seulement l&rsquo;Allemagne, mais aussi toute l&rsquo;Europe.<\/p>\n\n\n\n<p class=\"eplus-qDUyGU\"><img loading=\"lazy\" width=\"927\" height=\"618\" class=\"wp-image-2397\" style=\"width: 700px;\" src=\"http:\/\/www.jumelagecharenton.fr\/wp-content\/uploads\/ALL_MurBerlin_Construction.jpg\" alt=\"\" srcset=\"https:\/\/www.jumelagecharenton.fr\/wp-content\/uploads\/ALL_MurBerlin_Construction.jpg 927w, https:\/\/www.jumelagecharenton.fr\/wp-content\/uploads\/ALL_MurBerlin_Construction-300x200.jpg 300w, https:\/\/www.jumelagecharenton.fr\/wp-content\/uploads\/ALL_MurBerlin_Construction-768x512.jpg 768w, https:\/\/www.jumelagecharenton.fr\/wp-content\/uploads\/ALL_MurBerlin_Construction-100x67.jpg 100w, https:\/\/www.jumelagecharenton.fr\/wp-content\/uploads\/ALL_MurBerlin_Construction-150x100.jpg 150w, https:\/\/www.jumelagecharenton.fr\/wp-content\/uploads\/ALL_MurBerlin_Construction-200x133.jpg 200w, https:\/\/www.jumelagecharenton.fr\/wp-content\/uploads\/ALL_MurBerlin_Construction-450x300.jpg 450w, https:\/\/www.jumelagecharenton.fr\/wp-content\/uploads\/ALL_MurBerlin_Construction-600x400.jpg 600w, https:\/\/www.jumelagecharenton.fr\/wp-content\/uploads\/ALL_MurBerlin_Construction-900x600.jpg 900w\" sizes=\"(max-width: 927px) 100vw, 927px\" \/><\/p>\n\n\n\n<p class=\"eplus-ti5QHH\">Participation aux frais : 10\u20ac<br>Un buffet amical cl\u00f4turera la soir\u00e9e, si les conditions sanitaires le permettent<\/p>\n\n\n\n<p class=\"eplus-p4gvvR\"><a href=\"http:\/\/www.jumelagecharenton.fr\/wp-content\/uploads\/ALL_ConferenceMurBerlin_12Mars2024.pdf\" target=\"_blank\" aria-label=\"Formulaire d'inscription (opens in a new tab)\" rel=\"noreferrer noopener\" class=\"ek-link\">Formulaire d&rsquo;inscription<\/a><\/p>\n","protected":false},"featured_media":2397,"template":"","meta":{"editor_plus_custom_animation_option_css":"{}","_editorskit_title_hidden":false,"_editorskit_reading_time":1,"_editorskit_typography_data":[],"_editorskit_blocks_typography":"","editor_plus_custom_css":"{\"3a2d199d-fdb9-44e6-92f2-94424ca21ba1\":\".eplus-qDUyGU { \\n\\n}\",\"ce28f9eb-7fe8-4242-afab-d42ef2dd729c\":\".eplus-ti5QHH { \\n\\n}\",\"a80b8d0f-6cd8-44b0-958b-31e7978ddbf6\":\".eplus-p4gvvR { \\n\\n}\",\"c19ae346-9170-4a01-8126-0d12dbf60318\":\".eplus-nBmAmM { \\n\\n}\"}","editor_plus_custom_css_file_version":"latest-395","editor_plus_custom_styling_options_file_version":"latest-9323","editor_plus_custom_styling_options_css":"{\"3a2d199d-fdb9-44e6-92f2-94424ca21ba1\":\"\",\"ce28f9eb-7fe8-4242-afab-d42ef2dd729c\":\"\",\"a80b8d0f-6cd8-44b0-958b-31e7978ddbf6\":\"\",\"c19ae346-9170-4a01-8126-0d12dbf60318\":\"\"}","editor_plus_copied_stylings":"{}","editor_plus_extended_blocks_css":"{}","editor_plus_post_options":"{}","ngg_post_thumbnail":0},"event_listing_category":[42],"event_listing_type":[],"_links":{"self":[{"href":"https:\/\/www.jumelagecharenton.fr\/index.php\/wp-json\/wp\/v2\/event_listing\/2396"}],"collection":[{"href":"https:\/\/www.jumelagecharenton.fr\/index.php\/wp-json\/wp\/v2\/event_listing"}],"about":[{"href":"https:\/\/www.jumelagecharenton.fr\/index.php\/wp-json\/wp\/v2\/types\/event_listing"}],"wp:featuredmedia":[{"embeddable":true,"href":"https:\/\/www.jumelagecharenton.fr\/index.php\/wp-json\/wp\/v2\/media\/2397"}],"wp:attachment":[{"href":"https:\/\/www.jumelagecharenton.fr\/index.php\/wp-json\/wp\/v2\/media?parent=2396"}],"wp:term":[{"taxonomy":"event_listing_category","embeddable":true,"href":"https:\/\/www.jumelagecharenton.fr\/index.php\/wp-json\/wp\/v2\/event_listing_category?post=2396"},{"taxonomy":"event_listing_type","embeddable":true,"href":"https:\/\/www.jumelagecharenton.fr\/index.php\/wp-json\/wp\/v2\/event_listing_type?post=2396"}],"curies":[{"name":"wp","href":"https:\/\/api.w.org\/{rel}","templated":true}]}}

<p class="eplus-nBmAmM">Nous poursuivons notre approche des événements qui ont profondément marqué l&rsquo;Allemagne longtemps divisée en deux États. Notre nouvelle conférence, proposée par Erika Robart, vous donnera l&rsquo;occasion d&rsquo;entendre un témoin direct de la construction du Mur de Berlin, dont les conséquences ont bouleversé non seulement l&rsquo;Allemagne, mais aussi toute l&rsquo;Europe.</p>



<p class="eplus-qDUyGU"><img loading="lazy" width="927" height="618" class="wp-image-2397" style="width: 700px;" src="http://www.jumelagecharenton.fr/wp-content/uploads/ALL_MurBerlin_Construction.jpg" alt="" srcset="https://www.jumelagecharenton.fr/wp-content/uploads/ALL_MurBerlin_Construction.jpg 927w, https://www.jumelagecharenton.fr/wp-content/uploads/ALL_MurBerlin_Construction-300x200.jpg 300w, https://www.jumelagecharenton.fr/wp-content/uploads/ALL_MurBerlin_Construction-768x512.jpg 768w, https://www.jumelagecharenton.fr/wp-content/uploads/ALL_MurBerlin_Construction-100x67.jpg 100w, https://www.jumelagecharenton.fr/wp-content/uploads/ALL_MurBerlin_Construction-150x100.jpg 150w, https://www.jumelagecharenton.fr/wp-content/uploads/ALL_MurBerlin_Construction-200x133.jpg 200w, https://www.jumelagecharenton.fr/wp-content/uploads/ALL_MurBerlin_Construction-450x300.jpg 450w, https://www.jumelagecharenton.fr/wp-content/uploads/ALL_MurBerlin_Construction-600x400.jpg 600w, https://www.jumelagecharenton.fr/wp-content/uploads/ALL_MurBerlin_Construction-900x600.jpg 900w" sizes="(max-width: 927px) 100vw, 927px" /></p>



<p class="eplus-ti5QHH">Participation aux frais : 10€<br>Un buffet amical clôturera la soirée, si les conditions sanitaires le permettent</p>



<p class="eplus-p4gvvR"><a href="http://www.jumelagecharenton.fr/wp-content/uploads/ALL_ConferenceMurBerlin_12Mars2024.pdf" target="_blank" aria-label="Formulaire d'inscription (opens in a new tab)" rel="noreferrer noopener" class="ek-link">Formulaire d&rsquo;inscription</a></p>
