


{"id":2383,"date":"2024-01-31T12:48:52","date_gmt":"2024-01-31T11:48:52","guid":{"rendered":"http:\/\/www.jumelagecharenton.fr\/?post_type=event_listing&#038;p=2383"},"modified":"2024-01-31T13:29:00","modified_gmt":"2024-01-31T12:29:00","slug":"assemblee-generale-des-4-sections","status":"publish","type":"event_listing","link":"https:\/\/www.jumelagecharenton.fr\/index.php\/evenement\/assemblee-generale-des-4-sections\/","title":{"rendered":"Assembl\u00e9e G\u00e9n\u00e9rale des 4 sections"},"content":{"rendered":"\n<p class=\"eplus-mvgwvK\">Mardi 6 f\u00e9vrier 2024 \u00e0 19h00, \u00e0 l&rsquo;Espace Toffoli, 71 rue de Paris &#8211; Charenton-le-Pont<\/p>\n\n\n\n<p class=\"eplus-M5tM2r\">Les adh\u00e9rents sont invit\u00e9s \u00e0 l&rsquo;assembl\u00e9e g\u00e9n\u00e9rale du Comit\u00e9 de Jumelage (4 sections).<br>Un buffet sera propos\u00e9 \u00e0 la suite de la r\u00e9union.<br>Les personnes ne pouvant \u00eatre pr\u00e9sentes peuvent envoyer une procuration au Pr\u00e9sident de la section \u00e0 laquelle elles sont affili\u00e9es.<\/p>\n\n\n\n<p class=\"eplus-AaedRF\"><a href=\"http:\/\/www.jumelagecharenton.fr\/wp-content\/uploads\/2024-02-06-AGO-comite-jumelage-4-sections.pdf\" target=\"_blank\" aria-label=\"Invitation (opens in a new tab)\" rel=\"noreferrer noopener\" class=\"ek-link\">Invitation<\/a><\/p>\n\n\n\n<p class=\"eplus-US2CT2\"><a href=\"http:\/\/www.jumelagecharenton.fr\/wp-content\/uploads\/2024-02-06-pouvoir-AGO-jum-4-sections.pdf\" target=\"_blank\" aria-label=\"Pouvoir (opens in a new tab)\" rel=\"noreferrer noopener\" class=\"ek-link\">Pouvoir<\/a><\/p>\n","protected":false},"featured_media":2388,"template":"","meta":{"editor_plus_custom_animation_option_css":"{}","_editorskit_title_hidden":false,"_editorskit_reading_time":1,"_editorskit_typography_data":[],"_editorskit_blocks_typography":"","editor_plus_custom_css":"{\"4e538f0c-6400-4be1-aaa5-8801e4d94861\":\".eplus-mvgwvK { \\n\\n}\",\"bd724d5a-aa48-480a-affe-47ac20e8551a\":\".eplus-M5tM2r { \\n\\n}\",\"9282b99f-2efa-47b3-bc44-19826dd030b6\":\".eplus-AaedRF { \\n\\n}\",\"e23af880-ebfd-4c3a-99fa-6438be20da47\":\".eplus-US2CT2 { \\n\\n}\"}","editor_plus_custom_css_file_version":"latest-543","editor_plus_custom_styling_options_file_version":"latest-7560","editor_plus_custom_styling_options_css":"{\"4e538f0c-6400-4be1-aaa5-8801e4d94861\":\"\",\"bd724d5a-aa48-480a-affe-47ac20e8551a\":\"\",\"9282b99f-2efa-47b3-bc44-19826dd030b6\":\"\",\"e23af880-ebfd-4c3a-99fa-6438be20da47\":\"\"}","editor_plus_copied_stylings":"{}","editor_plus_extended_blocks_css":"{}","editor_plus_post_options":"{}","ngg_post_thumbnail":0},"event_listing_category":[43],"event_listing_type":[],"_links":{"self":[{"href":"https:\/\/www.jumelagecharenton.fr\/index.php\/wp-json\/wp\/v2\/event_listing\/2383"}],"collection":[{"href":"https:\/\/www.jumelagecharenton.fr\/index.php\/wp-json\/wp\/v2\/event_listing"}],"about":[{"href":"https:\/\/www.jumelagecharenton.fr\/index.php\/wp-json\/wp\/v2\/types\/event_listing"}],"wp:featuredmedia":[{"embeddable":true,"href":"https:\/\/www.jumelagecharenton.fr\/index.php\/wp-json\/wp\/v2\/media\/2388"}],"wp:attachment":[{"href":"https:\/\/www.jumelagecharenton.fr\/index.php\/wp-json\/wp\/v2\/media?parent=2383"}],"wp:term":[{"taxonomy":"event_listing_category","embeddable":true,"href":"https:\/\/www.jumelagecharenton.fr\/index.php\/wp-json\/wp\/v2\/event_listing_category?post=2383"},{"taxonomy":"event_listing_type","embeddable":true,"href":"https:\/\/www.jumelagecharenton.fr\/index.php\/wp-json\/wp\/v2\/event_listing_type?post=2383"}],"curies":[{"name":"wp","href":"https:\/\/api.w.org\/{rel}","templated":true}]}}

Assemblée Générale des 4 sections

<p class="eplus-mvgwvK">Mardi 6 février 2024 à 19h00, à l&rsquo;Espace Toffoli, 71 rue de Paris &#8211; Charenton-le-Pont</p>



<p class="eplus-M5tM2r">Les adhérents sont invités à l&rsquo;assemblée générale du Comité de Jumelage (4 sections).<br>Un buffet sera proposé à la suite de la réunion.<br>Les personnes ne pouvant être présentes peuvent envoyer une procuration au Président de la section à laquelle elles sont affiliées.</p>



<p class="eplus-AaedRF"><a href="http://www.jumelagecharenton.fr/wp-content/uploads/2024-02-06-AGO-comite-jumelage-4-sections.pdf" target="_blank" aria-label="Invitation (opens in a new tab)" rel="noreferrer noopener" class="ek-link">Invitation</a></p>



<p class="eplus-US2CT2"><a href="http://www.jumelagecharenton.fr/wp-content/uploads/2024-02-06-pouvoir-AGO-jum-4-sections.pdf" target="_blank" aria-label="Pouvoir (opens in a new tab)" rel="noreferrer noopener" class="ek-link">Pouvoir</a></p>
