


{"id":2081,"date":"2023-07-12T12:00:00","date_gmt":"2023-07-12T10:00:00","guid":{"rendered":"http:\/\/www.jumelagecharenton.fr\/?post_type=event_listing&#038;p=2081"},"modified":"2023-07-12T12:09:06","modified_gmt":"2023-07-12T10:09:06","slug":"forum-des-associations-2023","status":"publish","type":"event_listing","link":"https:\/\/www.jumelagecharenton.fr\/index.php\/evenement\/forum-des-associations-2023\/","title":{"rendered":"Forum des associations 2023"},"content":{"rendered":"\n<p class=\"eplus-QYLMXC\"><img loading=\"lazy\" width=\"865\" height=\"1280\" class=\"wp-image-2082\" style=\"width: 500px;\" src=\"http:\/\/www.jumelagecharenton.fr\/wp-content\/uploads\/ForumAssociations2023.jpg\" alt=\"\" srcset=\"https:\/\/www.jumelagecharenton.fr\/wp-content\/uploads\/ForumAssociations2023.jpg 865w, https:\/\/www.jumelagecharenton.fr\/wp-content\/uploads\/ForumAssociations2023-203x300.jpg 203w, https:\/\/www.jumelagecharenton.fr\/wp-content\/uploads\/ForumAssociations2023-692x1024.jpg 692w, https:\/\/www.jumelagecharenton.fr\/wp-content\/uploads\/ForumAssociations2023-768x1136.jpg 768w, https:\/\/www.jumelagecharenton.fr\/wp-content\/uploads\/ForumAssociations2023-100x148.jpg 100w, https:\/\/www.jumelagecharenton.fr\/wp-content\/uploads\/ForumAssociations2023-150x222.jpg 150w, https:\/\/www.jumelagecharenton.fr\/wp-content\/uploads\/ForumAssociations2023-200x296.jpg 200w, https:\/\/www.jumelagecharenton.fr\/wp-content\/uploads\/ForumAssociations2023-300x444.jpg 300w, https:\/\/www.jumelagecharenton.fr\/wp-content\/uploads\/ForumAssociations2023-450x666.jpg 450w, https:\/\/www.jumelagecharenton.fr\/wp-content\/uploads\/ForumAssociations2023-600x888.jpg 600w\" sizes=\"(max-width: 865px) 100vw, 865px\" \/><\/p>\n\n\n\n<p class=\"eplus-hyISO1\">A l\u2019occasion du prochain Forum des Associations, les 4 sections du Comit\u00e9 de Jumelage de Charenton-le-Pont se r\u00e9jouissent de vous accueillir sur leurs stands dimanche 10 septembre 2023 \u00e0 partir de 9h30, au sein du march\u00e9 couvert.<br>Nos membres vous pr\u00e9senteront les programmes d&rsquo;activit\u00e9s 2023-2024. Venez les rencontrer !<\/p>\n","protected":false},"featured_media":2082,"template":"","meta":{"editor_plus_custom_animation_option_css":"{}","_editorskit_title_hidden":false,"_editorskit_reading_time":1,"_editorskit_typography_data":[],"_editorskit_blocks_typography":"","editor_plus_custom_css":"{\"4588f226-c2f1-4fe5-b500-8caf3d567b89\":\".eplus-QYLMXC { \\n\\n}\",\"dccfced5-b687-40c0-b18f-6ea536a23252\":\".eplus-hyISO1 { \\n\\n}\"}","editor_plus_custom_css_file_version":"latest-936","editor_plus_custom_styling_options_file_version":"latest-5229","editor_plus_custom_styling_options_css":"{\"4588f226-c2f1-4fe5-b500-8caf3d567b89\":\"\",\"dccfced5-b687-40c0-b18f-6ea536a23252\":\"\"}","editor_plus_copied_stylings":"{}","editor_plus_extended_blocks_css":"{}","editor_plus_post_options":"{}","ngg_post_thumbnail":0},"event_listing_category":[43],"event_listing_type":[],"_links":{"self":[{"href":"https:\/\/www.jumelagecharenton.fr\/index.php\/wp-json\/wp\/v2\/event_listing\/2081"}],"collection":[{"href":"https:\/\/www.jumelagecharenton.fr\/index.php\/wp-json\/wp\/v2\/event_listing"}],"about":[{"href":"https:\/\/www.jumelagecharenton.fr\/index.php\/wp-json\/wp\/v2\/types\/event_listing"}],"wp:featuredmedia":[{"embeddable":true,"href":"https:\/\/www.jumelagecharenton.fr\/index.php\/wp-json\/wp\/v2\/media\/2082"}],"wp:attachment":[{"href":"https:\/\/www.jumelagecharenton.fr\/index.php\/wp-json\/wp\/v2\/media?parent=2081"}],"wp:term":[{"taxonomy":"event_listing_category","embeddable":true,"href":"https:\/\/www.jumelagecharenton.fr\/index.php\/wp-json\/wp\/v2\/event_listing_category?post=2081"},{"taxonomy":"event_listing_type","embeddable":true,"href":"https:\/\/www.jumelagecharenton.fr\/index.php\/wp-json\/wp\/v2\/event_listing_type?post=2081"}],"curies":[{"name":"wp","href":"https:\/\/api.w.org\/{rel}","templated":true}]}}

<p class="eplus-QYLMXC"><img loading="lazy" width="865" height="1280" class="wp-image-2082" style="width: 500px;" src="http://www.jumelagecharenton.fr/wp-content/uploads/ForumAssociations2023.jpg" alt="" srcset="https://www.jumelagecharenton.fr/wp-content/uploads/ForumAssociations2023.jpg 865w, https://www.jumelagecharenton.fr/wp-content/uploads/ForumAssociations2023-203x300.jpg 203w, https://www.jumelagecharenton.fr/wp-content/uploads/ForumAssociations2023-692x1024.jpg 692w, https://www.jumelagecharenton.fr/wp-content/uploads/ForumAssociations2023-768x1136.jpg 768w, https://www.jumelagecharenton.fr/wp-content/uploads/ForumAssociations2023-100x148.jpg 100w, https://www.jumelagecharenton.fr/wp-content/uploads/ForumAssociations2023-150x222.jpg 150w, https://www.jumelagecharenton.fr/wp-content/uploads/ForumAssociations2023-200x296.jpg 200w, https://www.jumelagecharenton.fr/wp-content/uploads/ForumAssociations2023-300x444.jpg 300w, https://www.jumelagecharenton.fr/wp-content/uploads/ForumAssociations2023-450x666.jpg 450w, https://www.jumelagecharenton.fr/wp-content/uploads/ForumAssociations2023-600x888.jpg 600w" sizes="(max-width: 865px) 100vw, 865px" /></p>



<p class="eplus-hyISO1">A l’occasion du prochain Forum des Associations, les 4 sections du Comité de Jumelage de Charenton-le-Pont se réjouissent de vous accueillir sur leurs stands dimanche 10 septembre 2023 à partir de 9h30, au sein du marché couvert.<br>Nos membres vous présenteront les programmes d&rsquo;activités 2023-2024. Venez les rencontrer !</p>
