


{"id":29,"date":"2021-06-20T21:04:55","date_gmt":"2021-06-20T19:04:55","guid":{"rendered":"http:\/\/localhost\/jumelage\/?page_id=29"},"modified":"2026-08-31T14:13:21","modified_gmt":"2026-08-31T12:13:21","slug":"allemagne","status":"publish","type":"page","link":"http:\/\/www.jumelagecharenton.fr\/index.php\/allemagne\/","title":{"rendered":"Allemagne"},"content":{"rendered":"\n<h1 class=\"has-text-align-center eplus-jx4UlR\"><strong>Nos activit\u00e9s<\/strong><\/h1>\n\n\n\n<p class=\"has-text-align-left eplus-ZXbwo4\"><strong>Cliquez ici pour d\u00e9couvrir le <\/strong><a aria-label=\" (opens in a new tab)\" href=\"http:\/\/www.jumelagecharenton.fr\/wp-content\/uploads\/ALL_PROG2024.pdf\" target=\"_blank\" rel=\"noreferrer noopener\" class=\"ek-link\"><strong> <\/strong><\/a><a href=\"http:\/\/www.jumelagecharenton.fr\/wp-content\/uploads\/ALL_Prog_2026_2027.pdf\" target=\"_blank\" aria-label=\" (opens in a new tab)\" rel=\"noreferrer noopener\" class=\"ek-link\"><img class=\"wp-image-1181\" style=\"width: NaNpx;\" src=\"http:\/\/www.jumelagecharenton.fr\/wp-content\/uploads\/ALL-21-PROGRAMME-2021-2022V1-1.pdf\" alt=\"\"><strong>programme des activit\u00e9s 2026-2027<\/strong><\/a><\/p>\n\n\n\n<h2 class=\"eplus-ZF7fTs\">Les \u00e9changes culturels et scolaires<\/h2>\n\n\n\n<div class=\"wp-block-group eplus-XZgdEd\"><div class=\"wp-block-group__inner-container\">\n<p class=\"has-text-align-left eplus-7Z6xl6\">La section Allemagne participe \u00e0 d\u00e9velopper les \u00e9changes scolaires et culturels des \u00e9l\u00e8ves des \u00e9coles, coll\u00e8ges et lyc\u00e9e de Charenton, en lien avec les \u00e9tablissements scolaires de Berlin Tempelhof-Sch\u00f6neberg et de B\u00fcren.<\/p>\n<\/div><\/div>\n\n\n\n<h2 class=\"eplus-HUQvU3\">Musiandra, projet d&rsquo;enseignement musical en distanciel et en pr\u00e9sentiel<\/h2>\n\n\n\n<p class=\"eplus-ES8mGw\">Un projet d\u00e9di\u00e9 \u00e0 la musique a vu le jour ces derniers mois entre le conservatoire de Charenton et l\u2019\u00e9cole de Karlstenberg en Allemagne. L\u2019arriv\u00e9e de la pand\u00e9mie a mis cette collaboration entre parenth\u00e8ses mais le conservatoire a \u00e9t\u00e9 invit\u00e9 \u00e0 int\u00e9grer Musiandra. <br>Ce projet, \u00e0 dimension europ\u00e9enne et financ\u00e9 en partie par Erasmus, a permis \u00e0 Charenton de s&rsquo;y associer, en plus de l\u2019Allemagne, l\u2019Islande, l\u2019Espagne, la Turquie\u2026 afin de bient\u00f4t jouer ensemble.<br>La section Allemagne du comit\u00e9 de jumelage \u0153uvre pour permettre aux Charentonnais de rejoindre leurs pairs et accompagne le conservatoire pour l\u2019accueil des \u00e9l\u00e8ves musiciens qui viennent en France.<br>Les \u00e9l\u00e8ves s\u00e9lectionn\u00e9s pour ce projet ont tous plus de 13 ans, pratiquent un instrument et parlent l&rsquo;anglais, langue retenue pour ces \u00e9changes.<br>Un big band devrait \u00eatre cr\u00e9\u00e9 \u00e0 cette occasion, ainsi qu&rsquo;un projet de piano \u00e0 4 mains.<br><a aria-label=\"www.musiandra.org\/ (opens in a new tab)\" href=\"http:\/\/www.musiandra.org\/\" target=\"_blank\" rel=\"noreferrer noopener\" class=\"ek-link\">www.musiandra.org\/<\/a><\/p>\n\n\n\n<h2 class=\"eplus-pkP3kD\">Les cours d&rsquo;allemand<\/h2>\n\n\n\n<p class=\"eplus-x0dZvZ\">Chaque semaine, hormis durant les vacances scolaires, 3 niveaux de cours (d\u00e9butants, interm\u00e9diaires, confirm\u00e9s) sont dispens\u00e9s par Susann au sein de la Maison des Associations, 33 quai des Carri\u00e8res \u00e0 Charenton.<\/p>\n\n\n\n<ul class=\"eplus-YKEUnE\"><li><a href=\"http:\/\/www.jumelagecharenton.fr\/wp-content\/uploads\/ALL_InscCCours_2025_2026.pdf\" target=\"_blank\" aria-label=\" (opens in a new tab)\" rel=\"noreferrer noopener\" class=\"ek-link\">Formulaire d&rsquo;inscription aux cours<\/a><\/li><li><a href=\"http:\/\/www.jumelagecharenton.fr\/wp-content\/uploads\/ALL_Adhesion_2025_2026.pdf\" target=\"_blank\" aria-label=\" (opens in a new tab)\" rel=\"noreferrer noopener\" class=\"ek-link\">Formulaire d&rsquo;adh\u00e9sion \u00e0 l&rsquo;association<img class=\"wp-image-1199\" style=\"width: NaNpx;\" src=\"http:\/\/www.jumelagecharenton.fr\/wp-content\/uploads\/ALL-21-BULLETIN-ADHESION-2021-2022.pdf\" alt=\"\"><\/a><\/li><li><a href=\"http:\/\/www.jumelagecharenton.fr\/wp-content\/uploads\/ALL_TarifsCours_2025_2026.pdf\" target=\"_blank\" aria-label=\" (opens in a new tab)\" rel=\"noreferrer noopener\" class=\"ek-link\">D\u00e9tails des cours et tarifs<img class=\"wp-image-1201\" style=\"width: NaNpx;\" src=\"http:\/\/www.jumelagecharenton.fr\/wp-content\/uploads\/ALL-21-COURS-TARIFS-2021-2022.pdf\" alt=\"\"><\/a><\/li><\/ul>\n\n\n\n<h2 class=\"eplus-TJjGzm\"><\/h2>\n\n\n\n<div class=\"ep_icon__4a20706a-b2b7-42a4-b7d9-2201cf040929 undefined\"><div class=\"ep_icon_wrapper\"><span class=\"eplusicon-facebook-official\"><\/span><\/div><\/div><style>.eplus_styles .ep_icon__4a20706a-b2b7-42a4-b7d9-2201cf040929 .ep_icon_wrapper {\n                \n                text-align: center;\n            }.eplus_styles .ep_icon__4a20706a-b2b7-42a4-b7d9-2201cf040929 .ep_icon_wrapper span {\n                \n                color: rgba(15, 128, 204, 1);\n            }.eplus_styles .ep_icon__4a20706a-b2b7-42a4-b7d9-2201cf040929 .ep_icon_wrapper span {\n                \n                font-size: 24px ;\n            }.eplus_styles .ep_icon__4a20706a-b2b7-42a4-b7d9-2201cf040929 .ep_icon_wrapper span {\n                \n                padding-top: 15px ;\npadding-right: 15px ;\npadding-bottom: 15px ;\npadding-left: 15px ;\n            }<\/style>\n\n\n\n<p class=\"has-text-align-center eplus-RMzAA2\"><a aria-label=\"Page Facebook du comit\u00e9 Allemagne (opens in a new tab)\" href=\"https:\/\/www.facebook.com\/Comit%C3%A9-de-Jumelage-Charenton-le-Pont-Allemagne-111837846961212\" target=\"_blank\" rel=\"noreferrer noopener\" class=\"ek-link\">Page Facebook du comit\u00e9 Allemagne<\/a><\/p>\n\n\n\n<div class=\"wp-block-columns eplus-fvdiAN\"><\/div>\n\n\n\n<p class=\"eplus-vYfDM0\"><\/p>\n","protected":false},"excerpt":{"rendered":"<p>Nos activit\u00e9s Cliquez ici pour d\u00e9couvrir le programme des activit\u00e9s 2026-2027 Les \u00e9changes culturels et scolaires Musiandra, projet d&rsquo;enseignement musical en distanciel et en pr\u00e9sentiel Un projet d\u00e9di\u00e9 \u00e0 la musique a vu le jour ces derniers mois entre le &hellip;<\/p>\n<p class=\"read-more\"> <a class=\"more-link\" href=\"http:\/\/www.jumelagecharenton.fr\/index.php\/allemagne\/\"> <span class=\"screen-reader-text\">Allemagne<\/span> Read More &raquo;<\/a><\/p>\n","protected":false},"author":1,"featured_media":0,"parent":0,"menu_order":0,"comment_status":"closed","ping_status":"closed","template":"full-width-page.php","meta":{"editor_plus_custom_animation_option_css":"{}","_editorskit_title_hidden":true,"_editorskit_reading_time":1,"_editorskit_typography_data":[],"_editorskit_blocks_typography":"","editor_plus_custom_css":"{\"0a7cf797-515b-4797-905c-61fc30c43368\":\".eplus-jx4UlR { \\n\\n}\",\"0199a833-9451-4146-8932-783fb5095989\":\".eplus-ZXbwo4 { \\n\\n}\",\"5c853558-d69c-4ff6-86c3-8ace648a494f\":\".eplus-ZF7fTs { \\n\\n}\",\"7bbab613-4a75-42e3-a9b2-88dbb1dc2d8f\":\".eplus-7Z6xl6 { \\n\\n}\",\"eb950ad6-bcb1-4dac-8ae7-19f269e7298b\":\".eplus-XZgdEd { \\n\\n}\",\"39152adb-b93e-4518-ae14-dd9f9ce653e7\":\".eplus-HUQvU3 { \\n\\n}\",\"bdc03fe2-71dc-4dea-b4ba-67680e81198a\":\".eplus-ES8mGw { \\n\\n}\",\"e08e5401-45f2-4994-8fd5-231357fc5a0a\":\".eplus-pkP3kD { \\n\\n}\",\"9d005647-d5c7-4453-8063-07c5a43fb91d\":\".eplus-x0dZvZ { \\n\\n}\",\"2256228f-7a4c-4780-92e1-5f2d6f95d11a\":\".eplus-YKEUnE { \\n\\n}\",\"dca2722e-87a3-4416-82f0-97be5ea87447\":\".eplus-TJjGzm { \\n\\n}\",\"f655716a-60ac-4643-a02e-50446d7fd8c6\":\".eplus-RMzAA2 { \\n\\n}\",\"83f6aa9d-b561-4264-8487-41dafcb4ba36\":\".eplus-fvdiAN { \\n\\n}\",\"7b0e3abe-1a1b-44a1-855c-f78bb0a15585\":\".eplus-vYfDM0 { \\n\\n}\"}","editor_plus_custom_css_file_version":"latest-413","editor_plus_custom_styling_options_file_version":"latest-8182","editor_plus_custom_styling_options_css":"{\"0a7cf797-515b-4797-905c-61fc30c43368\":\"\",\"0199a833-9451-4146-8932-783fb5095989\":\"\",\"5c853558-d69c-4ff6-86c3-8ace648a494f\":\"\",\"7bbab613-4a75-42e3-a9b2-88dbb1dc2d8f\":\"\",\"eb950ad6-bcb1-4dac-8ae7-19f269e7298b\":\"\",\"39152adb-b93e-4518-ae14-dd9f9ce653e7\":\"\",\"bdc03fe2-71dc-4dea-b4ba-67680e81198a\":\"\",\"e08e5401-45f2-4994-8fd5-231357fc5a0a\":\"\",\"9d005647-d5c7-4453-8063-07c5a43fb91d\":\"\",\"2256228f-7a4c-4780-92e1-5f2d6f95d11a\":\"\",\"dca2722e-87a3-4416-82f0-97be5ea87447\":\"\",\"f655716a-60ac-4643-a02e-50446d7fd8c6\":\"\",\"83f6aa9d-b561-4264-8487-41dafcb4ba36\":\"\",\"7b0e3abe-1a1b-44a1-855c-f78bb0a15585\":\"\"}","editor_plus_copied_stylings":"{}","editor_plus_extended_blocks_css":"{}","editor_plus_post_options":"{}","ngg_post_thumbnail":0},"_links":{"self":[{"href":"http:\/\/www.jumelagecharenton.fr\/index.php\/wp-json\/wp\/v2\/pages\/29"}],"collection":[{"href":"http:\/\/www.jumelagecharenton.fr\/index.php\/wp-json\/wp\/v2\/pages"}],"about":[{"href":"http:\/\/www.jumelagecharenton.fr\/index.php\/wp-json\/wp\/v2\/types\/page"}],"author":[{"embeddable":true,"href":"http:\/\/www.jumelagecharenton.fr\/index.php\/wp-json\/wp\/v2\/users\/1"}],"replies":[{"embeddable":true,"href":"http:\/\/www.jumelagecharenton.fr\/index.php\/wp-json\/wp\/v2\/comments?post=29"}],"version-history":[{"count":53,"href":"http:\/\/www.jumelagecharenton.fr\/index.php\/wp-json\/wp\/v2\/pages\/29\/revisions"}],"predecessor-version":[{"id":3581,"href":"http:\/\/www.jumelagecharenton.fr\/index.php\/wp-json\/wp\/v2\/pages\/29\/revisions\/3581"}],"wp:attachment":[{"href":"http:\/\/www.jumelagecharenton.fr\/index.php\/wp-json\/wp\/v2\/media?parent=29"}],"curies":[{"name":"wp","href":"https:\/\/api.w.org\/{rel}","templated":true}]}}

<h1 class="has-text-align-center eplus-jx4UlR"><strong>Nos activités</strong></h1>



<p class="has-text-align-left eplus-ZXbwo4"><strong>Cliquez ici pour découvrir le </strong><a aria-label=" (opens in a new tab)" href="http://www.jumelagecharenton.fr/wp-content/uploads/ALL_PROG2024.pdf" target="_blank" rel="noreferrer noopener" class="ek-link"><strong> </strong></a><a href="http://www.jumelagecharenton.fr/wp-content/uploads/ALL_Prog_2026_2027.pdf" target="_blank" aria-label=" (opens in a new tab)" rel="noreferrer noopener" class="ek-link"><img class="wp-image-1181" style="width: NaNpx;" src="http://www.jumelagecharenton.fr/wp-content/uploads/ALL-21-PROGRAMME-2021-2022V1-1.pdf" alt=""><strong>programme des activités 2026-2027</strong></a></p>



<h2 class="eplus-ZF7fTs">Les échanges culturels et scolaires</h2>



<div class="wp-block-group eplus-XZgdEd"><div class="wp-block-group__inner-container">
<p class="has-text-align-left eplus-7Z6xl6">La section Allemagne participe à développer les échanges scolaires et culturels des élèves des écoles, collèges et lycée de Charenton, en lien avec les établissements scolaires de Berlin Tempelhof-Schöneberg et de Büren.</p>
</div></div>



<h2 class="eplus-HUQvU3">Musiandra, projet d&rsquo;enseignement musical en distanciel et en présentiel</h2>



<p class="eplus-ES8mGw">Un projet dédié à la musique a vu le jour ces derniers mois entre le conservatoire de Charenton et l’école de Karlstenberg en Allemagne. L’arrivée de la pandémie a mis cette collaboration entre parenthèses mais le conservatoire a été invité à intégrer Musiandra. <br>Ce projet, à dimension européenne et financé en partie par Erasmus, a permis à Charenton de s&rsquo;y associer, en plus de l’Allemagne, l’Islande, l’Espagne, la Turquie… afin de bientôt jouer ensemble.<br>La section Allemagne du comité de jumelage œuvre pour permettre aux Charentonnais de rejoindre leurs pairs et accompagne le conservatoire pour l’accueil des élèves musiciens qui viennent en France.<br>Les élèves sélectionnés pour ce projet ont tous plus de 13 ans, pratiquent un instrument et parlent l&rsquo;anglais, langue retenue pour ces échanges.<br>Un big band devrait être créé à cette occasion, ainsi qu&rsquo;un projet de piano à 4 mains.<br><a aria-label="www.musiandra.org/ (opens in a new tab)" href="http://www.musiandra.org/" target="_blank" rel="noreferrer noopener" class="ek-link">www.musiandra.org/</a></p>



<h2 class="eplus-pkP3kD">Les cours d&rsquo;allemand</h2>



<p class="eplus-x0dZvZ">Chaque semaine, hormis durant les vacances scolaires, 3 niveaux de cours (débutants, intermédiaires, confirmés) sont dispensés par Susann au sein de la Maison des Associations, 33 quai des Carrières à Charenton.</p>



<ul class="eplus-YKEUnE"><li><a href="http://www.jumelagecharenton.fr/wp-content/uploads/ALL_InscCCours_2025_2026.pdf" target="_blank" aria-label=" (opens in a new tab)" rel="noreferrer noopener" class="ek-link">Formulaire d&rsquo;inscription aux cours</a></li><li><a href="http://www.jumelagecharenton.fr/wp-content/uploads/ALL_Adhesion_2025_2026.pdf" target="_blank" aria-label=" (opens in a new tab)" rel="noreferrer noopener" class="ek-link">Formulaire d&rsquo;adhésion à l&rsquo;association<img class="wp-image-1199" style="width: NaNpx;" src="http://www.jumelagecharenton.fr/wp-content/uploads/ALL-21-BULLETIN-ADHESION-2021-2022.pdf" alt=""></a></li><li><a href="http://www.jumelagecharenton.fr/wp-content/uploads/ALL_TarifsCours_2025_2026.pdf" target="_blank" aria-label=" (opens in a new tab)" rel="noreferrer noopener" class="ek-link">Détails des cours et tarifs<img class="wp-image-1201" style="width: NaNpx;" src="http://www.jumelagecharenton.fr/wp-content/uploads/ALL-21-COURS-TARIFS-2021-2022.pdf" alt=""></a></li></ul>



<h2 class="eplus-TJjGzm"></h2>



<div class="ep_icon__4a20706a-b2b7-42a4-b7d9-2201cf040929 undefined"><div class="ep_icon_wrapper"><span class="eplusicon-facebook-official"></span></div></div><style>.eplus_styles .ep_icon__4a20706a-b2b7-42a4-b7d9-2201cf040929 .ep_icon_wrapper {
                
                text-align: center;
            }.eplus_styles .ep_icon__4a20706a-b2b7-42a4-b7d9-2201cf040929 .ep_icon_wrapper span {
                
                color: rgba(15, 128, 204, 1);
            }.eplus_styles .ep_icon__4a20706a-b2b7-42a4-b7d9-2201cf040929 .ep_icon_wrapper span {
                
                font-size: 24px ;
            }.eplus_styles .ep_icon__4a20706a-b2b7-42a4-b7d9-2201cf040929 .ep_icon_wrapper span {
                
                padding-top: 15px ;
padding-right: 15px ;
padding-bottom: 15px ;
padding-left: 15px ;
            }</style>



<p class="has-text-align-center eplus-RMzAA2"><a aria-label="Page Facebook du comité Allemagne (opens in a new tab)" href="https://www.facebook.com/Comit%C3%A9-de-Jumelage-Charenton-le-Pont-Allemagne-111837846961212" target="_blank" rel="noreferrer noopener" class="ek-link">Page Facebook du comité Allemagne</a></p>



<div class="wp-block-columns eplus-fvdiAN"></div>



<p class="eplus-vYfDM0"></p>

<p>Nos activités Cliquez ici pour découvrir le programme des activités 2026-2027 Les échanges culturels et scolaires Musiandra, projet d&rsquo;enseignement musical en distanciel et en présentiel Un projet dédié à la musique a vu le jour ces derniers mois entre le &hellip;</p>
<p class="read-more"> <a class="more-link" href="http://www.jumelagecharenton.fr/index.php/allemagne/"> <span class="screen-reader-text">Allemagne</span> Read More &raquo;</a></p>
