


{"id":220,"date":"2021-06-22T14:58:55","date_gmt":"2021-06-22T12:58:55","guid":{"rendered":"http:\/\/localhost\/jumelage\/?page_id=220"},"modified":"2026-08-31T14:31:33","modified_gmt":"2026-08-31T12:31:33","slug":"cours-de-langues","status":"publish","type":"page","link":"http:\/\/www.jumelagecharenton.fr\/index.php\/allemagne\/cours-de-langues\/","title":{"rendered":"Cours d&rsquo;allemand"},"content":{"rendered":"\n<div style=\"height:57px\" aria-hidden=\"true\" class=\"wp-block-spacer eplus-hqhLI8\"><\/div>\n\n\n\n<div class=\"wp-block-media-text alignwide is-stacked-on-mobile eplus-u9M5jt\" style=\"grid-template-columns:35% auto\"><figure class=\"wp-block-media-text__media\"><img loading=\"lazy\" width=\"813\" height=\"800\" src=\"http:\/\/www.jumelagecharenton.fr\/wp-content\/uploads\/carte_allemagne.png\" alt=\"\" class=\"wp-image-460 size-full\" srcset=\"http:\/\/www.jumelagecharenton.fr\/wp-content\/uploads\/carte_allemagne.png 813w, http:\/\/www.jumelagecharenton.fr\/wp-content\/uploads\/carte_allemagne-300x295.png 300w, http:\/\/www.jumelagecharenton.fr\/wp-content\/uploads\/carte_allemagne-768x756.png 768w, http:\/\/www.jumelagecharenton.fr\/wp-content\/uploads\/carte_allemagne-100x98.png 100w, http:\/\/www.jumelagecharenton.fr\/wp-content\/uploads\/carte_allemagne-150x148.png 150w, http:\/\/www.jumelagecharenton.fr\/wp-content\/uploads\/carte_allemagne-200x197.png 200w, http:\/\/www.jumelagecharenton.fr\/wp-content\/uploads\/carte_allemagne-450x443.png 450w, http:\/\/www.jumelagecharenton.fr\/wp-content\/uploads\/carte_allemagne-600x590.png 600w\" sizes=\"(max-width: 813px) 100vw, 813px\" \/><\/figure><div class=\"wp-block-media-text__content\">\n<h2 class=\"eplus-0h2Unh\">Horaires : <\/h2>\n\n\n\n<p class=\"eplus-mi5S5r\"><strong>D\u00e9butants<\/strong> : Mercredi de 17h30 \u00e0 19h00 *<br><strong>Interm\u00e9diaire<\/strong>s : Mercredi de 19h00 \u00e0 20h30<br><strong>Avanc\u00e9s<\/strong> : Jeudi de 18h30 \u00e0 20h00<\/p>\n\n\n\n<ul class=\"eplus-r5fkON\"><li><em>* Le Comit\u00e9 de jumelage se r\u00e9serve la possibilit\u00e9 de ne pas maintenir ces cours si le nombre de participants s&rsquo;av\u00e8re insuffisant<\/em> \u00e0 fin octobre 2026<\/li><\/ul>\n\n\n\n<p class=\"eplus-9xVFUz\">-> <strong>LIEU : <\/strong>Salle des associations, 33 quai des Carri\u00e8res \u00e0 Charenton (1er \u00e9tage)<\/p>\n\n\n\n<h4 class=\"eplus-8IkTW1\"><span data-style=\"{&quot;enabled&quot;:false,&quot;color&quot;:&quot;&quot;,&quot;iconBackground&quot;:false,&quot;activeIcon&quot;:&quot;&quot;,&quot;iconBackgroundColor&quot;:&quot;&quot;,&quot;iconBorder&quot;:false,&quot;iconBorderColor&quot;:&quot;&quot;,&quot;iconBorderRadius&quot;:0}\" style=\"border-radius:0px;\" class=\"eplus-icon eplusicon-arrow-right1\"><\/span> Reprise des cours en pr\u00e9sentiel mercredi 16 septembre \u00e0 18h30,<br>   avec l&rsquo;organisation d&rsquo;un pot de bienvenue<\/h4>\n\n\n\n<div style=\"height:23px\" aria-hidden=\"true\" class=\"wp-block-spacer eplus-qyqArN\"><\/div>\n\n\n\n<h2 class=\"eplus-v67Dm8\">Tarifs :<\/h2>\n\n\n\n<p class=\"eplus-gHPInS\">Tous niveaux :<br>190 \u20ac l&rsquo;ann\u00e9e<br>+ 20 \u20ac pour l&rsquo;adh\u00e9sion \u00e0 l&rsquo;association<\/p>\n\n\n\n<ul class=\"eplus-pQCcHK\"><li><a href=\"http:\/\/www.jumelagecharenton.fr\/wp-content\/uploads\/ALL_InscCours_2026_2027.pdf\" target=\"_blank\" aria-label=\" (opens in a new tab)\" rel=\"noreferrer noopener\" class=\"ek-link\">Formulaire d&rsquo;inscription aux cours<\/a><\/li><li><a href=\"http:\/\/www.jumelagecharenton.fr\/wp-content\/uploads\/ALL_Adhesion_2026_2027.pdf\" target=\"_blank\" aria-label=\" (opens in a new tab)\" rel=\"noreferrer noopener\" class=\"ek-link\">Formulaire d&rsquo;adh\u00e9sion \u00e0 l&rsquo;association<\/a><\/li><li><a href=\"http:\/\/www.jumelagecharenton.fr\/wp-content\/uploads\/ALL_TarifsCours_2026_2027.pdf\" target=\"_blank\" aria-label=\" (opens in a new tab)\" rel=\"noreferrer noopener\" class=\"ek-link\">D\u00e9tails des cours et tarifs<\/a><\/li><\/ul>\n<\/div><\/div>\n\n\n\n<div style=\"height:57px\" aria-hidden=\"true\" class=\"wp-block-spacer eplus-p6O4ly\"><\/div>\n\n\n\n<div class=\"wp-block-buttons alignwide is-content-justification-center eplus-vxS9Fs\">\n<div class=\"wp-block-button eplus-TMv7ov\"><a class=\"wp-block-button__link\" href=\"http:\/\/www.jumelagecharenton.fr\/index.php\/allemagne\/contact\/\">Nous contacter<\/a><\/div>\n<\/div>\n","protected":false},"excerpt":{"rendered":"","protected":false},"author":1,"featured_media":0,"parent":29,"menu_order":4,"comment_status":"closed","ping_status":"closed","template":"","meta":{"editor_plus_custom_animation_option_css":"{}","_editorskit_title_hidden":false,"_editorskit_reading_time":1,"_editorskit_typography_data":[],"_editorskit_blocks_typography":"","editor_plus_custom_css":"{\"d8353919-2827-4701-b9ec-d3c0a2f0375d\":\".eplus-hqhLI8 { \\n\\n}\",\"e0a61f85-cc28-45e5-9d99-228b2a775544\":\".eplus-0h2Unh { \\n\\n}\",\"c2c56468-668d-4618-bf44-4733d8428e8f\":\".eplus-mi5S5r { \\n\\n}\",\"46fa5819-8527-40c5-bc24-4df62d3a5b1c\":\".eplus-r5fkON { \\n\\n}\",\"cbf93ad4-d20f-4616-8b3a-07e376543fe5\":\".eplus-9xVFUz { \\n\\n}\",\"63816806-3002-4bb7-bf84-eb67faf10fb6\":\".eplus-8IkTW1 { \\n\\n}\",\"79e57483-8627-4ab7-997b-5468cafc64e1\":\".eplus-qyqArN { \\n\\n}\",\"a5a3107d-775d-4a24-b485-44cda234cbc9\":\".eplus-v67Dm8 { \\n\\n}\",\"92bfdb9a-b895-4080-9439-0f785a750a5f\":\".eplus-gHPInS { \\n\\n}\",\"a2bf0040-0319-4142-a9ba-e6eaa20bd6c2\":\".eplus-pQCcHK { \\n\\n}\",\"7272bf1c-7ba4-430f-beba-362d5e1bfcd3\":\".eplus-u9M5jt { \\n\\n}\",\"ff08ed25-77b9-4668-a1e7-65306533c8d5\":\".eplus-p6O4ly { \\n\\n}\",\"83305c65-3b63-4d47-8187-89ee873a424e\":\".eplus-TMv7ov { \\n\\n}\",\"6b5325f2-c15f-40e4-9975-c322b7254578\":\".eplus-vxS9Fs { \\n\\n}\"}","editor_plus_custom_css_file_version":"latest-685","editor_plus_custom_styling_options_file_version":"latest-8686","editor_plus_custom_styling_options_css":"{\"d8353919-2827-4701-b9ec-d3c0a2f0375d\":\"\",\"e0a61f85-cc28-45e5-9d99-228b2a775544\":\"\",\"c2c56468-668d-4618-bf44-4733d8428e8f\":\"\",\"46fa5819-8527-40c5-bc24-4df62d3a5b1c\":\"\",\"cbf93ad4-d20f-4616-8b3a-07e376543fe5\":\"\",\"63816806-3002-4bb7-bf84-eb67faf10fb6\":\".eplus_styles .eplus-8IkTW1 {\\n                position: relative;\\n                background-image: linear-gradient(rgba(242, 231, 98, 1), rgba(242, 231, 98, 1));\\n            }\",\"79e57483-8627-4ab7-997b-5468cafc64e1\":\"\",\"a5a3107d-775d-4a24-b485-44cda234cbc9\":\"\",\"92bfdb9a-b895-4080-9439-0f785a750a5f\":\"\",\"a2bf0040-0319-4142-a9ba-e6eaa20bd6c2\":\"\",\"7272bf1c-7ba4-430f-beba-362d5e1bfcd3\":\"\",\"ff08ed25-77b9-4668-a1e7-65306533c8d5\":\"\",\"83305c65-3b63-4d47-8187-89ee873a424e\":\"\",\"6b5325f2-c15f-40e4-9975-c322b7254578\":\"\"}","editor_plus_copied_stylings":"{}","editor_plus_extended_blocks_css":"{}","editor_plus_post_options":"{}","ngg_post_thumbnail":0},"_links":{"self":[{"href":"http:\/\/www.jumelagecharenton.fr\/index.php\/wp-json\/wp\/v2\/pages\/220"}],"collection":[{"href":"http:\/\/www.jumelagecharenton.fr\/index.php\/wp-json\/wp\/v2\/pages"}],"about":[{"href":"http:\/\/www.jumelagecharenton.fr\/index.php\/wp-json\/wp\/v2\/types\/page"}],"author":[{"embeddable":true,"href":"http:\/\/www.jumelagecharenton.fr\/index.php\/wp-json\/wp\/v2\/users\/1"}],"replies":[{"embeddable":true,"href":"http:\/\/www.jumelagecharenton.fr\/index.php\/wp-json\/wp\/v2\/comments?post=220"}],"version-history":[{"count":28,"href":"http:\/\/www.jumelagecharenton.fr\/index.php\/wp-json\/wp\/v2\/pages\/220\/revisions"}],"predecessor-version":[{"id":3588,"href":"http:\/\/www.jumelagecharenton.fr\/index.php\/wp-json\/wp\/v2\/pages\/220\/revisions\/3588"}],"up":[{"embeddable":true,"href":"http:\/\/www.jumelagecharenton.fr\/index.php\/wp-json\/wp\/v2\/pages\/29"}],"wp:attachment":[{"href":"http:\/\/www.jumelagecharenton.fr\/index.php\/wp-json\/wp\/v2\/media?parent=220"}],"curies":[{"name":"wp","href":"https:\/\/api.w.org\/{rel}","templated":true}]}}

<div style="height:57px" aria-hidden="true" class="wp-block-spacer eplus-hqhLI8"></div>



<div class="wp-block-media-text alignwide is-stacked-on-mobile eplus-u9M5jt" style="grid-template-columns:35% auto"><figure class="wp-block-media-text__media"><img loading="lazy" width="813" height="800" src="http://www.jumelagecharenton.fr/wp-content/uploads/carte_allemagne.png" alt="" class="wp-image-460 size-full" srcset="http://www.jumelagecharenton.fr/wp-content/uploads/carte_allemagne.png 813w, http://www.jumelagecharenton.fr/wp-content/uploads/carte_allemagne-300x295.png 300w, http://www.jumelagecharenton.fr/wp-content/uploads/carte_allemagne-768x756.png 768w, http://www.jumelagecharenton.fr/wp-content/uploads/carte_allemagne-100x98.png 100w, http://www.jumelagecharenton.fr/wp-content/uploads/carte_allemagne-150x148.png 150w, http://www.jumelagecharenton.fr/wp-content/uploads/carte_allemagne-200x197.png 200w, http://www.jumelagecharenton.fr/wp-content/uploads/carte_allemagne-450x443.png 450w, http://www.jumelagecharenton.fr/wp-content/uploads/carte_allemagne-600x590.png 600w" sizes="(max-width: 813px) 100vw, 813px" /></figure><div class="wp-block-media-text__content">
<h2 class="eplus-0h2Unh">Horaires : </h2>



<p class="eplus-mi5S5r"><strong>Débutants</strong> : Mercredi de 17h30 à 19h00 *<br><strong>Intermédiaire</strong>s : Mercredi de 19h00 à 20h30<br><strong>Avancés</strong> : Jeudi de 18h30 à 20h00</p>



<ul class="eplus-r5fkON"><li><em>* Le Comité de jumelage se réserve la possibilité de ne pas maintenir ces cours si le nombre de participants s&rsquo;avère insuffisant</em> à fin octobre 2026</li></ul>



<p class="eplus-9xVFUz">-> <strong>LIEU : </strong>Salle des associations, 33 quai des Carrières à Charenton (1er étage)</p>



<h4 class="eplus-8IkTW1"><span data-style="{&quot;enabled&quot;:false,&quot;color&quot;:&quot;&quot;,&quot;iconBackground&quot;:false,&quot;activeIcon&quot;:&quot;&quot;,&quot;iconBackgroundColor&quot;:&quot;&quot;,&quot;iconBorder&quot;:false,&quot;iconBorderColor&quot;:&quot;&quot;,&quot;iconBorderRadius&quot;:0}" style="border-radius:0px;" class="eplus-icon eplusicon-arrow-right1"></span> Reprise des cours en présentiel mercredi 16 septembre à 18h30,<br>   avec l&rsquo;organisation d&rsquo;un pot de bienvenue</h4>



<div style="height:23px" aria-hidden="true" class="wp-block-spacer eplus-qyqArN"></div>



<h2 class="eplus-v67Dm8">Tarifs :</h2>



<p class="eplus-gHPInS">Tous niveaux :<br>190 € l&rsquo;année<br>+ 20 € pour l&rsquo;adhésion à l&rsquo;association</p>



<ul class="eplus-pQCcHK"><li><a href="http://www.jumelagecharenton.fr/wp-content/uploads/ALL_InscCours_2026_2027.pdf" target="_blank" aria-label=" (opens in a new tab)" rel="noreferrer noopener" class="ek-link">Formulaire d&rsquo;inscription aux cours</a></li><li><a href="http://www.jumelagecharenton.fr/wp-content/uploads/ALL_Adhesion_2026_2027.pdf" target="_blank" aria-label=" (opens in a new tab)" rel="noreferrer noopener" class="ek-link">Formulaire d&rsquo;adhésion à l&rsquo;association</a></li><li><a href="http://www.jumelagecharenton.fr/wp-content/uploads/ALL_TarifsCours_2026_2027.pdf" target="_blank" aria-label=" (opens in a new tab)" rel="noreferrer noopener" class="ek-link">Détails des cours et tarifs</a></li></ul>
</div></div>



<div style="height:57px" aria-hidden="true" class="wp-block-spacer eplus-p6O4ly"></div>



<div class="wp-block-buttons alignwide is-content-justification-center eplus-vxS9Fs">
<div class="wp-block-button eplus-TMv7ov"><a class="wp-block-button__link" href="http://www.jumelagecharenton.fr/index.php/allemagne/contact/">Nous contacter</a></div>
</div>
