


{"id":103,"date":"2021-06-21T14:10:27","date_gmt":"2021-06-21T12:10:27","guid":{"rendered":"http:\/\/localhost\/jumelage\/?page_id=103"},"modified":"2025-04-17T14:19:12","modified_gmt":"2025-04-17T12:19:12","slug":"historique","status":"publish","type":"page","link":"http:\/\/www.jumelagecharenton.fr\/index.php\/italie\/historique\/","title":{"rendered":"Historique"},"content":{"rendered":"\n<p class=\"has-text-align-center eplus-bX47bY\">Les relations avec nos amis italiens durent et s&rsquo;amplifient au fil des ann\u00e9es.<br>Depuis plusieurs ann\u00e9es maintenant, l&rsquo;enseignement de l&rsquo;italien en LV2 au coll\u00e8ge de la Cerisaie et au lyc\u00e9e Robert Schuman <br>permet la r\u00e9alisation d&rsquo;\u00e9changes scolaires entre les deux villes !<\/p>\n\n\n\n<p class=\"eplus-8M3fpi\"><\/p>\n\n\n\n<div><!-- default-view.php -->\n<div\n\tclass=\"ngg-galleryoverview default-view \"\n\tid=\"ngg-gallery-8ef0c1835b802ec808b6f97719459501-1\">\n\n\t\t<!-- Thumbnails -->\n\t\t\t\t<div id=\"ngg-image-0\" class=\"ngg-gallery-thumbnail-box \" >\n\t\t\t\t        <div class=\"ngg-gallery-thumbnail\">\n            <a href=\"http:\/\/www.jumelagecharenton.fr\/wp-content\/gallery\/charte-jumelag-it-et-anniversaires\/IMG_20250321_200508.jpg\"\n               title=\"\"\n               data-src=\"http:\/\/www.jumelagecharenton.fr\/wp-content\/gallery\/charte-jumelag-it-et-anniversaires\/IMG_20250321_200508.jpg\"\n               data-thumbnail=\"http:\/\/www.jumelagecharenton.fr\/wp-content\/gallery\/charte-jumelag-it-et-anniversaires\/thumbs\/thumbs_IMG_20250321_200508.jpg\"\n               data-image-id=\"813\"\n               data-title=\"IMG_20250321_200508\"\n               data-description=\"\"\n               data-image-slug=\"img_20250321_200508\"\n               class=\"ngg-simplelightbox\" rel=\"8ef0c1835b802ec808b6f97719459501\">\n                <img\n                    title=\"IMG_20250321_200508\"\n                    alt=\"IMG_20250321_200508\"\n                    src=\"http:\/\/www.jumelagecharenton.fr\/wp-content\/gallery\/charte-jumelag-it-et-anniversaires\/thumbs\/thumbs_IMG_20250321_200508.jpg\"\n                    width=\"240\"\n                    height=\"160\"\n                    style=\"max-width:100%;\"\n                \/>\n            <\/a>\n        <\/div>\n\t\t\t\t\t\t\t<\/div> \n\t\t\t\n\t\t\t\t<div id=\"ngg-image-1\" class=\"ngg-gallery-thumbnail-box \" >\n\t\t\t\t        <div class=\"ngg-gallery-thumbnail\">\n            <a href=\"http:\/\/www.jumelagecharenton.fr\/wp-content\/gallery\/charte-jumelag-it-et-anniversaires\/IMG_20210716_075224.jpg\"\n               title=\"\"\n               data-src=\"http:\/\/www.jumelagecharenton.fr\/wp-content\/gallery\/charte-jumelag-it-et-anniversaires\/IMG_20210716_075224.jpg\"\n               data-thumbnail=\"http:\/\/www.jumelagecharenton.fr\/wp-content\/gallery\/charte-jumelag-it-et-anniversaires\/thumbs\/thumbs_IMG_20210716_075224.jpg\"\n               data-image-id=\"110\"\n               data-title=\"IMG_20210716_075224\"\n               data-description=\"\"\n               data-image-slug=\"img_20210716_075224\"\n               class=\"ngg-simplelightbox\" rel=\"8ef0c1835b802ec808b6f97719459501\">\n                <img\n                    title=\"IMG_20210716_075224\"\n                    alt=\"IMG_20210716_075224\"\n                    src=\"http:\/\/www.jumelagecharenton.fr\/wp-content\/gallery\/charte-jumelag-it-et-anniversaires\/thumbs\/thumbs_IMG_20210716_075224.jpg\"\n                    width=\"240\"\n                    height=\"160\"\n                    style=\"max-width:100%;\"\n                \/>\n            <\/a>\n        <\/div>\n\t\t\t\t\t\t\t<\/div> \n\t\t\t\n\t\t\t\t<div id=\"ngg-image-2\" class=\"ngg-gallery-thumbnail-box \" >\n\t\t\t\t        <div class=\"ngg-gallery-thumbnail\">\n            <a href=\"http:\/\/www.jumelagecharenton.fr\/wp-content\/gallery\/charte-jumelag-it-et-anniversaires\/IMG_20210716_075346.jpg\"\n               title=\"\"\n               data-src=\"http:\/\/www.jumelagecharenton.fr\/wp-content\/gallery\/charte-jumelag-it-et-anniversaires\/IMG_20210716_075346.jpg\"\n               data-thumbnail=\"http:\/\/www.jumelagecharenton.fr\/wp-content\/gallery\/charte-jumelag-it-et-anniversaires\/thumbs\/thumbs_IMG_20210716_075346.jpg\"\n               data-image-id=\"108\"\n               data-title=\"IMG_20210716_075346\"\n               data-description=\"\"\n               data-image-slug=\"img_20210716_075346\"\n               class=\"ngg-simplelightbox\" rel=\"8ef0c1835b802ec808b6f97719459501\">\n                <img\n                    title=\"IMG_20210716_075346\"\n                    alt=\"IMG_20210716_075346\"\n                    src=\"http:\/\/www.jumelagecharenton.fr\/wp-content\/gallery\/charte-jumelag-it-et-anniversaires\/thumbs\/thumbs_IMG_20210716_075346.jpg\"\n                    width=\"240\"\n                    height=\"160\"\n                    style=\"max-width:100%;\"\n                \/>\n            <\/a>\n        <\/div>\n\t\t\t\t\t\t\t<\/div> \n\t\t\t\n\t\t\t\t<div id=\"ngg-image-3\" class=\"ngg-gallery-thumbnail-box \" >\n\t\t\t\t        <div class=\"ngg-gallery-thumbnail\">\n            <a href=\"http:\/\/www.jumelagecharenton.fr\/wp-content\/gallery\/charte-jumelag-it-et-anniversaires\/IMG_20210716_075455.jpg\"\n               title=\"\"\n               data-src=\"http:\/\/www.jumelagecharenton.fr\/wp-content\/gallery\/charte-jumelag-it-et-anniversaires\/IMG_20210716_075455.jpg\"\n               data-thumbnail=\"http:\/\/www.jumelagecharenton.fr\/wp-content\/gallery\/charte-jumelag-it-et-anniversaires\/thumbs\/thumbs_IMG_20210716_075455.jpg\"\n               data-image-id=\"107\"\n               data-title=\"IMG_20210716_075455\"\n               data-description=\"\"\n               data-image-slug=\"img_20210716_075455\"\n               class=\"ngg-simplelightbox\" rel=\"8ef0c1835b802ec808b6f97719459501\">\n                <img\n                    title=\"IMG_20210716_075455\"\n                    alt=\"IMG_20210716_075455\"\n                    src=\"http:\/\/www.jumelagecharenton.fr\/wp-content\/gallery\/charte-jumelag-it-et-anniversaires\/thumbs\/thumbs_IMG_20210716_075455.jpg\"\n                    width=\"240\"\n                    height=\"160\"\n                    style=\"max-width:100%;\"\n                \/>\n            <\/a>\n        <\/div>\n\t\t\t\t\t\t\t<\/div> \n\t\t\t\n\t\t\t\t<div id=\"ngg-image-4\" class=\"ngg-gallery-thumbnail-box \" >\n\t\t\t\t        <div class=\"ngg-gallery-thumbnail\">\n            <a href=\"http:\/\/www.jumelagecharenton.fr\/wp-content\/gallery\/charte-jumelag-it-et-anniversaires\/IMG_20210716_075519.jpg\"\n               title=\"\"\n               data-src=\"http:\/\/www.jumelagecharenton.fr\/wp-content\/gallery\/charte-jumelag-it-et-anniversaires\/IMG_20210716_075519.jpg\"\n               data-thumbnail=\"http:\/\/www.jumelagecharenton.fr\/wp-content\/gallery\/charte-jumelag-it-et-anniversaires\/thumbs\/thumbs_IMG_20210716_075519.jpg\"\n               data-image-id=\"109\"\n               data-title=\"IMG_20210716_075519\"\n               data-description=\"\"\n               data-image-slug=\"img_20210716_075519\"\n               class=\"ngg-simplelightbox\" rel=\"8ef0c1835b802ec808b6f97719459501\">\n                <img\n                    title=\"IMG_20210716_075519\"\n                    alt=\"IMG_20210716_075519\"\n                    src=\"http:\/\/www.jumelagecharenton.fr\/wp-content\/gallery\/charte-jumelag-it-et-anniversaires\/thumbs\/thumbs_IMG_20210716_075519.jpg\"\n                    width=\"240\"\n                    height=\"160\"\n                    style=\"max-width:100%;\"\n                \/>\n            <\/a>\n        <\/div>\n\t\t\t\t\t\t\t<\/div> \n\t\t\t\n\t\n\t<br style=\"clear: both\" \/>\n\n\t\n\t\t<!-- Pagination -->\n\t<div class='ngg-clear'><\/div>\t<\/div>\n<\/div>\n\n\n\n<p class=\"has-text-align-center eplus-qwQMCh\"><\/p>\n","protected":false},"excerpt":{"rendered":"<p>Les relations avec nos amis italiens durent et s&rsquo;amplifient au fil des ann\u00e9es.Depuis plusieurs ann\u00e9es maintenant, l&rsquo;enseignement de l&rsquo;italien en LV2 au coll\u00e8ge de la Cerisaie et au lyc\u00e9e Robert Schuman permet la r\u00e9alisation d&rsquo;\u00e9changes scolaires entre les deux villes &hellip;<\/p>\n<p class=\"read-more\"> <a class=\"more-link\" href=\"http:\/\/www.jumelagecharenton.fr\/index.php\/italie\/historique\/\"> <span class=\"screen-reader-text\">Historique<\/span> Read More &raquo;<\/a><\/p>\n","protected":false},"author":1,"featured_media":0,"parent":68,"menu_order":2,"comment_status":"closed","ping_status":"closed","template":"full-width-page.php","meta":{"editor_plus_custom_animation_option_css":"{}","_editorskit_title_hidden":false,"_editorskit_reading_time":1,"_editorskit_typography_data":[],"_editorskit_blocks_typography":"","editor_plus_custom_css":"{\"de572d57-7937-486f-8283-a5ecbe89f821\":\".eplus-bX47bY { \\n\\n}\",\"a3e6f56b-4363-4a13-9c94-3b10d4b1afa3\":\".eplus-8M3fpi { \\n\\n}\",\"ff2452f3-9f55-4a91-9d5d-f28813612d8d\":\".eplus-qwQMCh { \\n\\n}\"}","editor_plus_custom_css_file_version":"latest-269","editor_plus_custom_styling_options_file_version":"latest-7196","editor_plus_custom_styling_options_css":"{\"de572d57-7937-486f-8283-a5ecbe89f821\":\"\",\"a3e6f56b-4363-4a13-9c94-3b10d4b1afa3\":\"\",\"ff2452f3-9f55-4a91-9d5d-f28813612d8d\":\"\"}","editor_plus_copied_stylings":"{}","editor_plus_extended_blocks_css":"{}","editor_plus_post_options":"{}","ngg_post_thumbnail":0},"_links":{"self":[{"href":"http:\/\/www.jumelagecharenton.fr\/index.php\/wp-json\/wp\/v2\/pages\/103"}],"collection":[{"href":"http:\/\/www.jumelagecharenton.fr\/index.php\/wp-json\/wp\/v2\/pages"}],"about":[{"href":"http:\/\/www.jumelagecharenton.fr\/index.php\/wp-json\/wp\/v2\/types\/page"}],"author":[{"embeddable":true,"href":"http:\/\/www.jumelagecharenton.fr\/index.php\/wp-json\/wp\/v2\/users\/1"}],"replies":[{"embeddable":true,"href":"http:\/\/www.jumelagecharenton.fr\/index.php\/wp-json\/wp\/v2\/comments?post=103"}],"version-history":[{"count":7,"href":"http:\/\/www.jumelagecharenton.fr\/index.php\/wp-json\/wp\/v2\/pages\/103\/revisions"}],"predecessor-version":[{"id":2814,"href":"http:\/\/www.jumelagecharenton.fr\/index.php\/wp-json\/wp\/v2\/pages\/103\/revisions\/2814"}],"up":[{"embeddable":true,"href":"http:\/\/www.jumelagecharenton.fr\/index.php\/wp-json\/wp\/v2\/pages\/68"}],"wp:attachment":[{"href":"http:\/\/www.jumelagecharenton.fr\/index.php\/wp-json\/wp\/v2\/media?parent=103"}],"curies":[{"name":"wp","href":"https:\/\/api.w.org\/{rel}","templated":true}]}}

<p class="has-text-align-center eplus-bX47bY">Les relations avec nos amis italiens durent et s&rsquo;amplifient au fil des années.<br>Depuis plusieurs années maintenant, l&rsquo;enseignement de l&rsquo;italien en LV2 au collège de la Cerisaie et au lycée Robert Schuman <br>permet la réalisation d&rsquo;échanges scolaires entre les deux villes !</p>



<p class="eplus-8M3fpi"></p>



<div><!-- default-view.php -->
<div
	class="ngg-galleryoverview default-view "
	id="ngg-gallery-8ef0c1835b802ec808b6f97719459501-1">

		<!-- Thumbnails -->
				<div id="ngg-image-0" class="ngg-gallery-thumbnail-box " >
				        <div class="ngg-gallery-thumbnail">
            <a href="http://www.jumelagecharenton.fr/wp-content/gallery/charte-jumelag-it-et-anniversaires/IMG_20250321_200508.jpg"
               title=""
               data-src="http://www.jumelagecharenton.fr/wp-content/gallery/charte-jumelag-it-et-anniversaires/IMG_20250321_200508.jpg"
               data-thumbnail="http://www.jumelagecharenton.fr/wp-content/gallery/charte-jumelag-it-et-anniversaires/thumbs/thumbs_IMG_20250321_200508.jpg"
               data-image-id="813"
               data-title="IMG_20250321_200508"
               data-description=""
               data-image-slug="img_20250321_200508"
               class="ngg-simplelightbox" rel="8ef0c1835b802ec808b6f97719459501">
                <img
                    title="IMG_20250321_200508"
                    alt="IMG_20250321_200508"
                    src="http://www.jumelagecharenton.fr/wp-content/gallery/charte-jumelag-it-et-anniversaires/thumbs/thumbs_IMG_20250321_200508.jpg"
                    width="240"
                    height="160"
                    style="max-width:100%;"
                />
            </a>
        </div>
							</div> 
			
				<div id="ngg-image-1" class="ngg-gallery-thumbnail-box " >
				        <div class="ngg-gallery-thumbnail">
            <a href="http://www.jumelagecharenton.fr/wp-content/gallery/charte-jumelag-it-et-anniversaires/IMG_20210716_075224.jpg"
               title=""
               data-src="http://www.jumelagecharenton.fr/wp-content/gallery/charte-jumelag-it-et-anniversaires/IMG_20210716_075224.jpg"
               data-thumbnail="http://www.jumelagecharenton.fr/wp-content/gallery/charte-jumelag-it-et-anniversaires/thumbs/thumbs_IMG_20210716_075224.jpg"
               data-image-id="110"
               data-title="IMG_20210716_075224"
               data-description=""
               data-image-slug="img_20210716_075224"
               class="ngg-simplelightbox" rel="8ef0c1835b802ec808b6f97719459501">
                <img
                    title="IMG_20210716_075224"
                    alt="IMG_20210716_075224"
                    src="http://www.jumelagecharenton.fr/wp-content/gallery/charte-jumelag-it-et-anniversaires/thumbs/thumbs_IMG_20210716_075224.jpg"
                    width="240"
                    height="160"
                    style="max-width:100%;"
                />
            </a>
        </div>
							</div> 
			
				<div id="ngg-image-2" class="ngg-gallery-thumbnail-box " >
				        <div class="ngg-gallery-thumbnail">
            <a href="http://www.jumelagecharenton.fr/wp-content/gallery/charte-jumelag-it-et-anniversaires/IMG_20210716_075346.jpg"
               title=""
               data-src="http://www.jumelagecharenton.fr/wp-content/gallery/charte-jumelag-it-et-anniversaires/IMG_20210716_075346.jpg"
               data-thumbnail="http://www.jumelagecharenton.fr/wp-content/gallery/charte-jumelag-it-et-anniversaires/thumbs/thumbs_IMG_20210716_075346.jpg"
               data-image-id="108"
               data-title="IMG_20210716_075346"
               data-description=""
               data-image-slug="img_20210716_075346"
               class="ngg-simplelightbox" rel="8ef0c1835b802ec808b6f97719459501">
                <img
                    title="IMG_20210716_075346"
                    alt="IMG_20210716_075346"
                    src="http://www.jumelagecharenton.fr/wp-content/gallery/charte-jumelag-it-et-anniversaires/thumbs/thumbs_IMG_20210716_075346.jpg"
                    width="240"
                    height="160"
                    style="max-width:100%;"
                />
            </a>
        </div>
							</div> 
			
				<div id="ngg-image-3" class="ngg-gallery-thumbnail-box " >
				        <div class="ngg-gallery-thumbnail">
            <a href="http://www.jumelagecharenton.fr/wp-content/gallery/charte-jumelag-it-et-anniversaires/IMG_20210716_075455.jpg"
               title=""
               data-src="http://www.jumelagecharenton.fr/wp-content/gallery/charte-jumelag-it-et-anniversaires/IMG_20210716_075455.jpg"
               data-thumbnail="http://www.jumelagecharenton.fr/wp-content/gallery/charte-jumelag-it-et-anniversaires/thumbs/thumbs_IMG_20210716_075455.jpg"
               data-image-id="107"
               data-title="IMG_20210716_075455"
               data-description=""
               data-image-slug="img_20210716_075455"
               class="ngg-simplelightbox" rel="8ef0c1835b802ec808b6f97719459501">
                <img
                    title="IMG_20210716_075455"
                    alt="IMG_20210716_075455"
                    src="http://www.jumelagecharenton.fr/wp-content/gallery/charte-jumelag-it-et-anniversaires/thumbs/thumbs_IMG_20210716_075455.jpg"
                    width="240"
                    height="160"
                    style="max-width:100%;"
                />
            </a>
        </div>
							</div> 
			
				<div id="ngg-image-4" class="ngg-gallery-thumbnail-box " >
				        <div class="ngg-gallery-thumbnail">
            <a href="http://www.jumelagecharenton.fr/wp-content/gallery/charte-jumelag-it-et-anniversaires/IMG_20210716_075519.jpg"
               title=""
               data-src="http://www.jumelagecharenton.fr/wp-content/gallery/charte-jumelag-it-et-anniversaires/IMG_20210716_075519.jpg"
               data-thumbnail="http://www.jumelagecharenton.fr/wp-content/gallery/charte-jumelag-it-et-anniversaires/thumbs/thumbs_IMG_20210716_075519.jpg"
               data-image-id="109"
               data-title="IMG_20210716_075519"
               data-description=""
               data-image-slug="img_20210716_075519"
               class="ngg-simplelightbox" rel="8ef0c1835b802ec808b6f97719459501">
                <img
                    title="IMG_20210716_075519"
                    alt="IMG_20210716_075519"
                    src="http://www.jumelagecharenton.fr/wp-content/gallery/charte-jumelag-it-et-anniversaires/thumbs/thumbs_IMG_20210716_075519.jpg"
                    width="240"
                    height="160"
                    style="max-width:100%;"
                />
            </a>
        </div>
							</div> 
			
	
	<br style="clear: both" />

	
		<!-- Pagination -->
	<div class='ngg-clear'></div>	</div>
</div>



<p class="has-text-align-center eplus-qwQMCh"></p>

<p>Les relations avec nos amis italiens durent et s&rsquo;amplifient au fil des années.Depuis plusieurs années maintenant, l&rsquo;enseignement de l&rsquo;italien en LV2 au collège de la Cerisaie et au lycée Robert Schuman permet la réalisation d&rsquo;échanges scolaires entre les deux villes &hellip;</p>
<p class="read-more"> <a class="more-link" href="http://www.jumelagecharenton.fr/index.php/italie/historique/"> <span class="screen-reader-text">Historique</span> Read More &raquo;</a></p>
