


{"id":2930,"date":"2025-08-01T15:17:45","date_gmt":"2025-08-01T13:17:45","guid":{"rendered":"https:\/\/www.jumelagecharenton.fr\/?post_type=event_listing&#038;p=2930"},"modified":"2025-08-01T15:34:49","modified_gmt":"2025-08-01T13:34:49","slug":"reprise-des-activites-a-la-mediatheque-des-quais-pour-la-section-grande-bretagne","status":"publish","type":"event_listing","link":"http:\/\/www.jumelagecharenton.fr\/index.php\/evenement\/reprise-des-activites-a-la-mediatheque-des-quais-pour-la-section-grande-bretagne\/","title":{"rendered":"Reprise des activit\u00e9s \u00e0 la M\u00e9diath\u00e8que des quais pour la section Grande Bretagne"},"content":{"rendered":"\n<p class=\"eplus-DjtbKf\">Comme tous les ans, nous reprenons nos 2 activit\u00e9s phares \u00e0 la M\u00e9diath\u00e8que des quais :<\/p>\n\n\n\n<p class=\"eplus-MQcQlm\">Reprise du Speaking Coffee le 20 septembre \u00e0 10h00<\/p>\n\n\n\n<p class=\"eplus-IPfbGb\">Reprise du Cercle de lecture le 27 septembre \u00e0 10h00<\/p>\n","protected":false},"featured_media":0,"template":"","meta":{"editor_plus_custom_animation_option_css":"{}","_editorskit_title_hidden":false,"_editorskit_reading_time":1,"_editorskit_typography_data":[],"_editorskit_blocks_typography":"","editor_plus_custom_css":"{\"0642f891-e9ec-44a5-a9c3-7e77587c7ef9\":\".eplus-DjtbKf { \\n\\n}\",\"0d99cb93-1cd0-4884-9d83-c11ec8f44e89\":\".eplus-MQcQlm { \\n\\n}\",\"d61ce02a-6f3b-4247-bff5-89344ff52dbb\":\".eplus-IPfbGb { \\n\\n}\"}","editor_plus_custom_css_file_version":"latest-634","editor_plus_custom_styling_options_file_version":"latest-5415","editor_plus_custom_styling_options_css":"{\"0642f891-e9ec-44a5-a9c3-7e77587c7ef9\":\"\",\"0d99cb93-1cd0-4884-9d83-c11ec8f44e89\":\"\",\"d61ce02a-6f3b-4247-bff5-89344ff52dbb\":\"\"}","editor_plus_copied_stylings":"{}","editor_plus_extended_blocks_css":"{}","editor_plus_post_options":"{}","ngg_post_thumbnail":0},"event_listing_category":[],"event_listing_type":[],"_links":{"self":[{"href":"http:\/\/www.jumelagecharenton.fr\/index.php\/wp-json\/wp\/v2\/event_listing\/2930"}],"collection":[{"href":"http:\/\/www.jumelagecharenton.fr\/index.php\/wp-json\/wp\/v2\/event_listing"}],"about":[{"href":"http:\/\/www.jumelagecharenton.fr\/index.php\/wp-json\/wp\/v2\/types\/event_listing"}],"wp:attachment":[{"href":"http:\/\/www.jumelagecharenton.fr\/index.php\/wp-json\/wp\/v2\/media?parent=2930"}],"wp:term":[{"taxonomy":"event_listing_category","embeddable":true,"href":"http:\/\/www.jumelagecharenton.fr\/index.php\/wp-json\/wp\/v2\/event_listing_category?post=2930"},{"taxonomy":"event_listing_type","embeddable":true,"href":"http:\/\/www.jumelagecharenton.fr\/index.php\/wp-json\/wp\/v2\/event_listing_type?post=2930"}],"curies":[{"name":"wp","href":"https:\/\/api.w.org\/{rel}","templated":true}]}}

Reprise des activités à la Médiathèque des quais pour la section Grande Bretagne

<p class="eplus-DjtbKf">Comme tous les ans, nous reprenons nos 2 activités phares à la Médiathèque des quais :</p>



<p class="eplus-MQcQlm">Reprise du Speaking Coffee le 20 septembre à 10h00</p>



<p class="eplus-IPfbGb">Reprise du Cercle de lecture le 27 septembre à 10h00</p>
