


{"id":2896,"date":"2025-06-25T12:15:39","date_gmt":"2025-06-25T10:15:39","guid":{"rendered":"http:\/\/www.jumelagecharenton.fr\/?post_type=event_listing&#038;p=2896"},"modified":"2025-06-25T12:19:18","modified_gmt":"2025-06-25T10:19:18","slug":"visite-du-parlement-europeen-de-strasbourg","status":"publish","type":"event_listing","link":"http:\/\/www.jumelagecharenton.fr\/index.php\/evenement\/visite-du-parlement-europeen-de-strasbourg\/","title":{"rendered":"Visite du Parlement europ\u00e9en de Strasbourg"},"content":{"rendered":"\n<p class=\"eplus-qKZTz3\"><img loading=\"lazy\" width=\"864\" height=\"607\" class=\"wp-image-2894\" style=\"width: 700px;\" src=\"http:\/\/www.jumelagecharenton.fr\/wp-content\/uploads\/ALL_Visite-Parlement-Strasbourg-14Oct25.jpg\" alt=\"\" srcset=\"http:\/\/www.jumelagecharenton.fr\/wp-content\/uploads\/ALL_Visite-Parlement-Strasbourg-14Oct25.jpg 864w, http:\/\/www.jumelagecharenton.fr\/wp-content\/uploads\/ALL_Visite-Parlement-Strasbourg-14Oct25-300x211.jpg 300w, http:\/\/www.jumelagecharenton.fr\/wp-content\/uploads\/ALL_Visite-Parlement-Strasbourg-14Oct25-768x540.jpg 768w, http:\/\/www.jumelagecharenton.fr\/wp-content\/uploads\/ALL_Visite-Parlement-Strasbourg-14Oct25-100x70.jpg 100w, http:\/\/www.jumelagecharenton.fr\/wp-content\/uploads\/ALL_Visite-Parlement-Strasbourg-14Oct25-150x105.jpg 150w, http:\/\/www.jumelagecharenton.fr\/wp-content\/uploads\/ALL_Visite-Parlement-Strasbourg-14Oct25-200x141.jpg 200w, http:\/\/www.jumelagecharenton.fr\/wp-content\/uploads\/ALL_Visite-Parlement-Strasbourg-14Oct25-450x316.jpg 450w, http:\/\/www.jumelagecharenton.fr\/wp-content\/uploads\/ALL_Visite-Parlement-Strasbourg-14Oct25-600x422.jpg 600w\" sizes=\"(max-width: 864px) 100vw, 864px\" \/><\/p>\n\n\n\n<p class=\"eplus-nR74yF\">Au programme : <br>&#8211; Promenade comment\u00e9e \u00e0 bord d\u2019une vedette panoramique sur l\u2019Ill \u00e0 la d\u00e9couverte de Strasbourg au fil de l\u2019eau de la  Petite France jusqu\u2019aux Institutions Europ\u00e9ennes,<br>&#8211; D\u00e9jeuner au Restaurant \u00ab\u00a0A l\u2019Ancienne Douane\u00a0\u00bb,<br>&#8211; Visite guid\u00e9e du Parlement Europ\u00e9en de Strasbourg,<br>&#8211; Retour au centre Ville, puis temps libre.<\/p>\n\n\n\n<p class=\"eplus-cjbGyj\">Pour b\u00e9n\u00e9ficier des tarifs avantageux de la SNCF, une r\u00e9ponse est imp\u00e9rative avant le 7 juillet 2025.<br><a href=\"http:\/\/www.jumelagecharenton.fr\/wp-content\/uploads\/ALL_Visite-Parlement-Strasbourg-14Oct25.pdf\" target=\"_blank\" aria-label=\"D\u00e9tails et formulaire d'inscription (opens in a new tab)\" rel=\"noreferrer noopener\" class=\"ek-link\">D\u00e9tails et formulaire d&rsquo;inscription<\/a><\/p>\n","protected":false},"featured_media":2894,"template":"","meta":{"editor_plus_custom_animation_option_css":"{}","_editorskit_title_hidden":false,"_editorskit_reading_time":1,"_editorskit_typography_data":[],"_editorskit_blocks_typography":"","editor_plus_custom_css":"{\"469254aa-149f-4a7e-9a78-8ef7f89eeb99\":\".eplus-qKZTz3 { \\n\\n}\",\"be67fb31-b6d0-4ae8-b8ef-011ebb2147d0\":\".eplus-nR74yF { \\n\\n}\",\"097b11a4-957e-41d5-8718-1a2dd92900de\":\".eplus-cjbGyj { \\n\\n}\"}","editor_plus_custom_css_file_version":"latest-72","editor_plus_custom_styling_options_file_version":"latest-9913","editor_plus_custom_styling_options_css":"{\"469254aa-149f-4a7e-9a78-8ef7f89eeb99\":\"\",\"be67fb31-b6d0-4ae8-b8ef-011ebb2147d0\":\"\",\"097b11a4-957e-41d5-8718-1a2dd92900de\":\"\"}","editor_plus_copied_stylings":"{}","editor_plus_extended_blocks_css":"{}","editor_plus_post_options":"{}","ngg_post_thumbnail":0},"event_listing_category":[42],"event_listing_type":[],"_links":{"self":[{"href":"http:\/\/www.jumelagecharenton.fr\/index.php\/wp-json\/wp\/v2\/event_listing\/2896"}],"collection":[{"href":"http:\/\/www.jumelagecharenton.fr\/index.php\/wp-json\/wp\/v2\/event_listing"}],"about":[{"href":"http:\/\/www.jumelagecharenton.fr\/index.php\/wp-json\/wp\/v2\/types\/event_listing"}],"wp:featuredmedia":[{"embeddable":true,"href":"http:\/\/www.jumelagecharenton.fr\/index.php\/wp-json\/wp\/v2\/media\/2894"}],"wp:attachment":[{"href":"http:\/\/www.jumelagecharenton.fr\/index.php\/wp-json\/wp\/v2\/media?parent=2896"}],"wp:term":[{"taxonomy":"event_listing_category","embeddable":true,"href":"http:\/\/www.jumelagecharenton.fr\/index.php\/wp-json\/wp\/v2\/event_listing_category?post=2896"},{"taxonomy":"event_listing_type","embeddable":true,"href":"http:\/\/www.jumelagecharenton.fr\/index.php\/wp-json\/wp\/v2\/event_listing_type?post=2896"}],"curies":[{"name":"wp","href":"https:\/\/api.w.org\/{rel}","templated":true}]}}

Visite du Parlement européen de Strasbourg

<p class="eplus-qKZTz3"><img loading="lazy" width="864" height="607" class="wp-image-2894" style="width: 700px;" src="http://www.jumelagecharenton.fr/wp-content/uploads/ALL_Visite-Parlement-Strasbourg-14Oct25.jpg" alt="" srcset="http://www.jumelagecharenton.fr/wp-content/uploads/ALL_Visite-Parlement-Strasbourg-14Oct25.jpg 864w, http://www.jumelagecharenton.fr/wp-content/uploads/ALL_Visite-Parlement-Strasbourg-14Oct25-300x211.jpg 300w, http://www.jumelagecharenton.fr/wp-content/uploads/ALL_Visite-Parlement-Strasbourg-14Oct25-768x540.jpg 768w, http://www.jumelagecharenton.fr/wp-content/uploads/ALL_Visite-Parlement-Strasbourg-14Oct25-100x70.jpg 100w, http://www.jumelagecharenton.fr/wp-content/uploads/ALL_Visite-Parlement-Strasbourg-14Oct25-150x105.jpg 150w, http://www.jumelagecharenton.fr/wp-content/uploads/ALL_Visite-Parlement-Strasbourg-14Oct25-200x141.jpg 200w, http://www.jumelagecharenton.fr/wp-content/uploads/ALL_Visite-Parlement-Strasbourg-14Oct25-450x316.jpg 450w, http://www.jumelagecharenton.fr/wp-content/uploads/ALL_Visite-Parlement-Strasbourg-14Oct25-600x422.jpg 600w" sizes="(max-width: 864px) 100vw, 864px" /></p>



<p class="eplus-nR74yF">Au programme : <br>&#8211; Promenade commentée à bord d’une vedette panoramique sur l’Ill à la découverte de Strasbourg au fil de l’eau de la  Petite France jusqu’aux Institutions Européennes,<br>&#8211; Déjeuner au Restaurant « A l’Ancienne Douane »,<br>&#8211; Visite guidée du Parlement Européen de Strasbourg,<br>&#8211; Retour au centre Ville, puis temps libre.</p>



<p class="eplus-cjbGyj">Pour bénéficier des tarifs avantageux de la SNCF, une réponse est impérative avant le 7 juillet 2025.<br><a href="http://www.jumelagecharenton.fr/wp-content/uploads/ALL_Visite-Parlement-Strasbourg-14Oct25.pdf" target="_blank" aria-label="Détails et formulaire d'inscription (opens in a new tab)" rel="noreferrer noopener" class="ek-link">Détails et formulaire d&rsquo;inscription</a></p>
