


{"id":2306,"date":"2023-10-17T16:50:12","date_gmt":"2023-10-17T14:50:12","guid":{"rendered":"http:\/\/www.jumelagecharenton.fr\/?post_type=event_listing&#038;p=2306"},"modified":"2023-10-17T17:09:39","modified_gmt":"2023-10-17T15:09:39","slug":"conference-section-allemagne-les-traces-de-lallemagne-de-lest-rda-un-enjeu-du-present","status":"publish","type":"event_listing","link":"http:\/\/www.jumelagecharenton.fr\/index.php\/evenement\/conference-section-allemagne-les-traces-de-lallemagne-de-lest-rda-un-enjeu-du-present\/","title":{"rendered":"Conf\u00e9rence : Les traces de l&rsquo;Allemagne de l&rsquo;Est (RDA), un enjeu du pr\u00e9sent"},"content":{"rendered":"\n<p class=\"eplus-JaKdVt\">Notre prochaine conf\u00e9rence aura pour th\u00e8me :<br>\u00ab Les traces de l&rsquo;Allemagne de l&rsquo;Est (RDA), un enjeu du pr\u00e9sent \u00bb<br>Elle sera anim\u00e9e par Nicolas Offenstadt, Maitre de conf\u00e9rences HDR \u00e0 l&rsquo;Universit\u00e9 Paris 1-Panth\u00e9on Sorbonne.<\/p>\n\n\n\n<p class=\"eplus-Wd65NC\"><img loading=\"lazy\" width=\"991\" height=\"785\" class=\"wp-image-2307\" style=\"width: 800px;\" src=\"http:\/\/www.jumelagecharenton.fr\/wp-content\/uploads\/All_Conference-RDA_7Nov23.jpg\" alt=\"\" srcset=\"http:\/\/www.jumelagecharenton.fr\/wp-content\/uploads\/All_Conference-RDA_7Nov23.jpg 991w, http:\/\/www.jumelagecharenton.fr\/wp-content\/uploads\/All_Conference-RDA_7Nov23-300x238.jpg 300w, http:\/\/www.jumelagecharenton.fr\/wp-content\/uploads\/All_Conference-RDA_7Nov23-768x608.jpg 768w, http:\/\/www.jumelagecharenton.fr\/wp-content\/uploads\/All_Conference-RDA_7Nov23-100x79.jpg 100w, http:\/\/www.jumelagecharenton.fr\/wp-content\/uploads\/All_Conference-RDA_7Nov23-150x119.jpg 150w, http:\/\/www.jumelagecharenton.fr\/wp-content\/uploads\/All_Conference-RDA_7Nov23-200x158.jpg 200w, http:\/\/www.jumelagecharenton.fr\/wp-content\/uploads\/All_Conference-RDA_7Nov23-450x356.jpg 450w, http:\/\/www.jumelagecharenton.fr\/wp-content\/uploads\/All_Conference-RDA_7Nov23-600x475.jpg 600w, http:\/\/www.jumelagecharenton.fr\/wp-content\/uploads\/All_Conference-RDA_7Nov23-900x713.jpg 900w\" sizes=\"(max-width: 991px) 100vw, 991px\" \/><\/p>\n\n\n\n<p class=\"eplus-05Uq5Y\">Participation aux frais : 10\u20ac<br>Un buffet amical cl\u00f4turera la soir\u00e9e si les conditions sanitaires le permettent<\/p>\n\n\n\n<p class=\"eplus-qyl6gg\"><strong><a href=\"http:\/\/www.jumelagecharenton.fr\/wp-content\/uploads\/All_Conference-RDA_7Nov23.pdf\" target=\"_blank\" aria-label=\" (opens in a new tab)\" rel=\"noreferrer noopener\" class=\"ek-link\">T\u00e9l\u00e9chargez le d\u00e9pliant<\/a><\/strong><\/p>\n","protected":false},"featured_media":2307,"template":"","meta":{"editor_plus_custom_animation_option_css":"{}","_editorskit_title_hidden":false,"_editorskit_reading_time":1,"_editorskit_typography_data":[],"_editorskit_blocks_typography":"","editor_plus_custom_css":"{\"34ed1658-53e8-426d-842a-8e4e88f36b50\":\".eplus-JaKdVt { \\n\\n}\",\"6e70bbd4-2da6-4851-b8bd-88441df779ca\":\".eplus-Wd65NC { \\n\\n}\",\"f609f499-85ca-43b9-8d97-c5f273f0bb06\":\".eplus-05Uq5Y { \\n\\n}\",\"2961d471-8ddc-454c-bafd-b3f4e11d6601\":\".eplus-qyl6gg { \\n\\n}\"}","editor_plus_custom_css_file_version":"latest-455","editor_plus_custom_styling_options_file_version":"latest-9263","editor_plus_custom_styling_options_css":"{\"34ed1658-53e8-426d-842a-8e4e88f36b50\":\"\",\"6e70bbd4-2da6-4851-b8bd-88441df779ca\":\"\",\"f609f499-85ca-43b9-8d97-c5f273f0bb06\":\"\",\"2961d471-8ddc-454c-bafd-b3f4e11d6601\":\"\"}","editor_plus_copied_stylings":"{}","editor_plus_extended_blocks_css":"{}","editor_plus_post_options":"{}","ngg_post_thumbnail":0},"event_listing_category":[42],"event_listing_type":[12],"_links":{"self":[{"href":"http:\/\/www.jumelagecharenton.fr\/index.php\/wp-json\/wp\/v2\/event_listing\/2306"}],"collection":[{"href":"http:\/\/www.jumelagecharenton.fr\/index.php\/wp-json\/wp\/v2\/event_listing"}],"about":[{"href":"http:\/\/www.jumelagecharenton.fr\/index.php\/wp-json\/wp\/v2\/types\/event_listing"}],"wp:featuredmedia":[{"embeddable":true,"href":"http:\/\/www.jumelagecharenton.fr\/index.php\/wp-json\/wp\/v2\/media\/2307"}],"wp:attachment":[{"href":"http:\/\/www.jumelagecharenton.fr\/index.php\/wp-json\/wp\/v2\/media?parent=2306"}],"wp:term":[{"taxonomy":"event_listing_category","embeddable":true,"href":"http:\/\/www.jumelagecharenton.fr\/index.php\/wp-json\/wp\/v2\/event_listing_category?post=2306"},{"taxonomy":"event_listing_type","embeddable":true,"href":"http:\/\/www.jumelagecharenton.fr\/index.php\/wp-json\/wp\/v2\/event_listing_type?post=2306"}],"curies":[{"name":"wp","href":"https:\/\/api.w.org\/{rel}","templated":true}]}}

Conférence : Les traces de l&rsquo;Allemagne de l&rsquo;Est (RDA), un enjeu du présent

<p class="eplus-JaKdVt">Notre prochaine conférence aura pour thème :<br>« Les traces de l&rsquo;Allemagne de l&rsquo;Est (RDA), un enjeu du présent »<br>Elle sera animée par Nicolas Offenstadt, Maitre de conférences HDR à l&rsquo;Université Paris 1-Panthéon Sorbonne.</p>



<p class="eplus-Wd65NC"><img loading="lazy" width="991" height="785" class="wp-image-2307" style="width: 800px;" src="http://www.jumelagecharenton.fr/wp-content/uploads/All_Conference-RDA_7Nov23.jpg" alt="" srcset="http://www.jumelagecharenton.fr/wp-content/uploads/All_Conference-RDA_7Nov23.jpg 991w, http://www.jumelagecharenton.fr/wp-content/uploads/All_Conference-RDA_7Nov23-300x238.jpg 300w, http://www.jumelagecharenton.fr/wp-content/uploads/All_Conference-RDA_7Nov23-768x608.jpg 768w, http://www.jumelagecharenton.fr/wp-content/uploads/All_Conference-RDA_7Nov23-100x79.jpg 100w, http://www.jumelagecharenton.fr/wp-content/uploads/All_Conference-RDA_7Nov23-150x119.jpg 150w, http://www.jumelagecharenton.fr/wp-content/uploads/All_Conference-RDA_7Nov23-200x158.jpg 200w, http://www.jumelagecharenton.fr/wp-content/uploads/All_Conference-RDA_7Nov23-450x356.jpg 450w, http://www.jumelagecharenton.fr/wp-content/uploads/All_Conference-RDA_7Nov23-600x475.jpg 600w, http://www.jumelagecharenton.fr/wp-content/uploads/All_Conference-RDA_7Nov23-900x713.jpg 900w" sizes="(max-width: 991px) 100vw, 991px" /></p>



<p class="eplus-05Uq5Y">Participation aux frais : 10€<br>Un buffet amical clôturera la soirée si les conditions sanitaires le permettent</p>



<p class="eplus-qyl6gg"><strong><a href="http://www.jumelagecharenton.fr/wp-content/uploads/All_Conference-RDA_7Nov23.pdf" target="_blank" aria-label=" (opens in a new tab)" rel="noreferrer noopener" class="ek-link">Téléchargez le dépliant</a></strong></p>
